{"id":64304,"date":"2024-11-28T16:19:39","date_gmt":"2024-11-28T15:19:39","guid":{"rendered":"https:\/\/www.hamburg.empack-messen.de\/exhibitor\/herma-gmbh\/"},"modified":"2025-01-27T19:59:30","modified_gmt":"2025-01-27T18:59:30","slug":"herma-gmbh","status":"publish","type":"exhibitor","link":"https:\/\/www.hamburg.empack-messen.de\/de\/exhibitor\/herma-gmbh\/","title":{"rendered":"HERMA GmbH"},"content":{"rendered":"<p>HERMA Etikettierer &#038; Etikettiermaschinen<br \/>\nAls innovationsfreudiger Spezialist f\u00fcr Selbstklebetechnik sind wir weltweit bekannt. Mit HERMA haben Sie immer einen zuverl\u00e4ssigen und erfahrenen Partner an Ihrer Seite.<\/p>\n<p>Wegweisende L\u00f6sungen<br \/>\nWir setzen immer wieder Standards in der Etikettiertechnologie, etwa was Flexibilit\u00e4t, Leistungsst\u00e4rke und Konnektivit\u00e4t angeht. Auch daf\u00fcr stehen rund 250 HERMA Experten, die sich ausschlie\u00dflich dem Thema Etikettieren widmen.<\/p>\n<p>Verl\u00e4ssliche Zusammenarbeit<br \/>\nFast 120 Jahren in Familienbesitz legen wir gro\u00dfen Wert auf nachhaltige Kundenbeziehungen. Ein globales Partnernetzwerk sowie Tochtergesellschaften in Europa und den USA sichern beste internationale Verf\u00fcgbarkeit.<\/p>\n<p>Serviceorientiertes Handeln<br \/>\nWir schaffen Mehrwert durch ein umfassendes Angebot: von der Beratung zu Haftmaterial und Etiketten \u00fcber Etikettiertests und Maschinenvorf\u00fchrungen, die Unterst\u00fctzung der Integration in Ihre Maschine und Etikettierprozesse bis zum bedarfsgerechten Support im laufenden Betrieb.<\/p>\n","protected":false},"excerpt":{"rendered":"<p>HERMA Etikettierer &#038; Etikettiermaschinen Als innovationsfreudiger Spezialist f\u00fcr Selbstklebetechnik sind wir weltweit bekannt. Mit HERMA haben Sie immer einen zuverl\u00e4ssigen und erfahrenen Partner an Ihrer Seite. Wegweisende L\u00f6sungen Wir setzen immer wieder Standards in der Etikettiertechnologie, etwa was Flexibilit\u00e4t, Leistungsst\u00e4rke und Konnektivit\u00e4t angeht. Auch daf\u00fcr stehen rund 250 HERMA Experten, die sich ausschlie\u00dflich dem Thema [&hellip;]<\/p>\n","protected":false},"featured_media":0,"template":"","meta":{"_seopress_robots_primary_cat":"","_seopress_titles_title":"","_seopress_titles_desc":"","_seopress_robots_index":"","_api_id":"197887","_stand_number":"436","_partner_id":"25koyb351hjyj","_package_code":"00-EASY-EASYGO3-300","_website":"https:\/\/www.herma.de","_email":"stefanie.herterich@herma.de","_facebook":"","_linkedin":"https:\/\/www.linkedin.com\/showcase\/hermalabeler\/","_twitter":"","_instagram":"","_zipcode":"70794","_town":"Filderstadt","_video_banner":"","_floorplan_url":"","footnotes":""},"edition":[473],"country":[93],"exhibitor-category":[486,488],"class_list":["post-64304","exhibitor","type-exhibitor","status-publish","hentry","edition-empack-hamburg-2025","country-de","exhibitor-category-etikettendrucktechnik-und-materialien-21735","exhibitor-category-kennzeichnung-und-identifikation-21737","feature--stand-has-video-header","feature--stand-has-logo-shown"],"_logo":41814,"_cover_image":null,"_thumbnail_id":null,"_products":[{"href":"https:\/\/www.hamburg.empack-messen.de\/de\/wp-json\/wp\/v2\/products\/91095"},{"href":"https:\/\/www.hamburg.empack-messen.de\/de\/wp-json\/wp\/v2\/products\/89121"},{"href":"https:\/\/www.hamburg.empack-messen.de\/de\/wp-json\/wp\/v2\/products\/75375"},{"href":"https:\/\/www.hamburg.empack-messen.de\/de\/wp-json\/wp\/v2\/products\/75371"}],"_news":[{"href":"https:\/\/www.hamburg.empack-messen.de\/de\/wp-json\/wp\/v2\/news\/89129"},{"href":"https:\/\/www.hamburg.empack-messen.de\/de\/wp-json\/wp\/v2\/news\/75379"}],"_jobs":[{"href":"https:\/\/www.hamburg.empack-messen.de\/de\/wp-json\/wp\/v2\/job\/75385"}],"_links":{"self":[{"href":"https:\/\/www.hamburg.empack-messen.de\/de\/wp-json\/wp\/v2\/exhibitor\/64304","targetHints":{"allow":["GET"]}}],"collection":[{"href":"https:\/\/www.hamburg.empack-messen.de\/de\/wp-json\/wp\/v2\/exhibitor"}],"about":[{"href":"https:\/\/www.hamburg.empack-messen.de\/de\/wp-json\/wp\/v2\/types\/exhibitor"}],"version-history":[{"count":1,"href":"https:\/\/www.hamburg.empack-messen.de\/de\/wp-json\/wp\/v2\/exhibitor\/64304\/revisions"}],"predecessor-version":[{"id":75369,"href":"https:\/\/www.hamburg.empack-messen.de\/de\/wp-json\/wp\/v2\/exhibitor\/64304\/revisions\/75369"}],"wp:attachment":[{"href":"https:\/\/www.hamburg.empack-messen.de\/de\/wp-json\/wp\/v2\/media?parent=64304"}],"wp:term":[{"taxonomy":"edition","embeddable":true,"href":"https:\/\/www.hamburg.empack-messen.de\/de\/wp-json\/wp\/v2\/edition?post=64304"},{"taxonomy":"country","embeddable":true,"href":"https:\/\/www.hamburg.empack-messen.de\/de\/wp-json\/wp\/v2\/country?post=64304"},{"taxonomy":"exhibitor-category","embeddable":true,"href":"https:\/\/www.hamburg.empack-messen.de\/de\/wp-json\/wp\/v2\/exhibitor-category?post=64304"}],"curies":[{"name":"wp","href":"https:\/\/api.w.org\/{rel}","templated":true}]}}

<p>HERMA Etikettierer &#038; Etikettiermaschinen<br />
Als innovationsfreudiger Spezialist für Selbstklebetechnik sind wir weltweit bekannt. Mit HERMA haben Sie immer einen zuverlässigen und erfahrenen Partner an Ihrer Seite.</p>
<p>Wegweisende Lösungen<br />
Wir setzen immer wieder Standards in der Etikettiertechnologie, etwa was Flexibilität, Leistungsstärke und Konnektivität angeht. Auch dafür stehen rund 250 HERMA Experten, die sich ausschließlich dem Thema Etikettieren widmen.</p>
<p>Verlässliche Zusammenarbeit<br />
Fast 120 Jahren in Familienbesitz legen wir großen Wert auf nachhaltige Kundenbeziehungen. Ein globales Partnernetzwerk sowie Tochtergesellschaften in Europa und den USA sichern beste internationale Verfügbarkeit.</p>
<p>Serviceorientiertes Handeln<br />
Wir schaffen Mehrwert durch ein umfassendes Angebot: von der Beratung zu Haftmaterial und Etiketten über Etikettiertests und Maschinenvorführungen, die Unterstützung der Integration in Ihre Maschine und Etikettierprozesse bis zum bedarfsgerechten Support im laufenden Betrieb.</p>

<p>HERMA Etikettierer &#038; Etikettiermaschinen Als innovationsfreudiger Spezialist für Selbstklebetechnik sind wir weltweit bekannt. Mit HERMA haben Sie immer einen zuverlässigen und erfahrenen Partner an Ihrer Seite. Wegweisende Lösungen Wir setzen immer wieder Standards in der Etikettiertechnologie, etwa was Flexibilität, Leistungsstärke und Konnektivität angeht. Auch dafür stehen rund 250 HERMA Experten, die sich ausschließlich dem Thema [&hellip;]</p>
