{"id":64386,"date":"2024-11-28T16:20:14","date_gmt":"2024-11-28T15:20:14","guid":{"rendered":"https:\/\/www.hamburg.empack-messen.de\/exhibitor\/libre-packaging\/"},"modified":"2025-04-04T13:59:45","modified_gmt":"2025-04-04T11:59:45","slug":"libre-packaging","status":"publish","type":"exhibitor","link":"https:\/\/www.hamburg.empack-messen.de\/de\/exhibitor\/libre-packaging\/","title":{"rendered":"LIBRE Packaging"},"content":{"rendered":"<p>Wir bieten unseren Kunden hochwertige und ma\u00dfgeschneiderte Verpackungsl\u00f6sungen. Wir konstruieren und optimieren Verpackungen f\u00fcr Ihr Unternehmen in puncto Handling, F\u00fcllgrad, Nachhaltigkeit und Wirtschaftlichkeit.<\/p>\n<p>Perfekt auf den Kunden abgestimmte Verpackungsl\u00f6sungen<br \/>\nErstklassige Beratung und Betreuung<br \/>\nKurze Entwicklungs- und Reaktionszeiten<br \/>\nDie Umwelt steht bei uns im Vordergrund<br \/>\nWir begleiten Sie im gesamten Prozess \u2013 vom ersten Entwurf bis zur Auslieferung<\/p>\n","protected":false},"excerpt":{"rendered":"<p>Wir bieten unseren Kunden hochwertige und ma\u00dfgeschneiderte Verpackungsl\u00f6sungen. Wir konstruieren und optimieren Verpackungen f\u00fcr Ihr Unternehmen in puncto Handling, F\u00fcllgrad, Nachhaltigkeit und Wirtschaftlichkeit. Perfekt auf den Kunden abgestimmte Verpackungsl\u00f6sungen Erstklassige Beratung und Betreuung Kurze Entwicklungs- und Reaktionszeiten Die Umwelt steht bei uns im Vordergrund Wir begleiten Sie im gesamten Prozess \u2013 vom ersten Entwurf bis [&hellip;]<\/p>\n","protected":false},"featured_media":0,"template":"","meta":{"_seopress_robots_primary_cat":"","_seopress_titles_title":"","_seopress_titles_desc":"","_seopress_robots_index":"","_api_id":"191294","_stand_number":"460","_partner_id":"2hidfi9vd4ek1","_package_code":"00-EASY-EASYGO3-300","_website":"https:\/\/libre-packaging.de\/","_email":"thomas.linke@libre-packaging.de","_facebook":"","_linkedin":"https:\/\/www.linkedin.com\/company\/librepackaging\/posts\/?feedView=all","_twitter":"","_instagram":"","_zipcode":"57482","_town":"Wenden","_video_banner":"","_floorplan_url":"","footnotes":""},"edition":[473],"country":[93],"exhibitor-category":[480],"class_list":["post-64386","exhibitor","type-exhibitor","status-publish","hentry","edition-empack-hamburg-2025","country-de","exhibitor-category-industrie-transport-und-schutzverpackungen-21736","feature--stand-has-video-header","feature--stand-has-logo-shown"],"_logo":91355,"_cover_image":null,"_thumbnail_id":null,"_products":[],"_news":[],"_jobs":[],"_links":{"self":[{"href":"https:\/\/www.hamburg.empack-messen.de\/de\/wp-json\/wp\/v2\/exhibitor\/64386","targetHints":{"allow":["GET"]}}],"collection":[{"href":"https:\/\/www.hamburg.empack-messen.de\/de\/wp-json\/wp\/v2\/exhibitor"}],"about":[{"href":"https:\/\/www.hamburg.empack-messen.de\/de\/wp-json\/wp\/v2\/types\/exhibitor"}],"version-history":[{"count":3,"href":"https:\/\/www.hamburg.empack-messen.de\/de\/wp-json\/wp\/v2\/exhibitor\/64386\/revisions"}],"predecessor-version":[{"id":91357,"href":"https:\/\/www.hamburg.empack-messen.de\/de\/wp-json\/wp\/v2\/exhibitor\/64386\/revisions\/91357"}],"wp:attachment":[{"href":"https:\/\/www.hamburg.empack-messen.de\/de\/wp-json\/wp\/v2\/media?parent=64386"}],"wp:term":[{"taxonomy":"edition","embeddable":true,"href":"https:\/\/www.hamburg.empack-messen.de\/de\/wp-json\/wp\/v2\/edition?post=64386"},{"taxonomy":"country","embeddable":true,"href":"https:\/\/www.hamburg.empack-messen.de\/de\/wp-json\/wp\/v2\/country?post=64386"},{"taxonomy":"exhibitor-category","embeddable":true,"href":"https:\/\/www.hamburg.empack-messen.de\/de\/wp-json\/wp\/v2\/exhibitor-category?post=64386"}],"curies":[{"name":"wp","href":"https:\/\/api.w.org\/{rel}","templated":true}]}}

<p>Wir bieten unseren Kunden hochwertige und maßgeschneiderte Verpackungslösungen. Wir konstruieren und optimieren Verpackungen für Ihr Unternehmen in puncto Handling, Füllgrad, Nachhaltigkeit und Wirtschaftlichkeit.</p>
<p>Perfekt auf den Kunden abgestimmte Verpackungslösungen<br />
Erstklassige Beratung und Betreuung<br />
Kurze Entwicklungs- und Reaktionszeiten<br />
Die Umwelt steht bei uns im Vordergrund<br />
Wir begleiten Sie im gesamten Prozess – vom ersten Entwurf bis zur Auslieferung</p>

<p>Wir bieten unseren Kunden hochwertige und maßgeschneiderte Verpackungslösungen. Wir konstruieren und optimieren Verpackungen für Ihr Unternehmen in puncto Handling, Füllgrad, Nachhaltigkeit und Wirtschaftlichkeit. Perfekt auf den Kunden abgestimmte Verpackungslösungen Erstklassige Beratung und Betreuung Kurze Entwicklungs- und Reaktionszeiten Die Umwelt steht bei uns im Vordergrund Wir begleiten Sie im gesamten Prozess – vom ersten Entwurf bis [&hellip;]</p>
