{"id":64432,"date":"2024-11-28T16:20:39","date_gmt":"2024-11-28T15:20:39","guid":{"rendered":"https:\/\/www.hamburg.empack-messen.de\/exhibitor\/naturapack-gmbh\/"},"modified":"2025-03-28T10:44:14","modified_gmt":"2025-03-28T09:44:14","slug":"naturapack-gmbh","status":"publish","type":"exhibitor","link":"https:\/\/www.hamburg.empack-messen.de\/de\/exhibitor\/naturapack-gmbh\/","title":{"rendered":"Naturapack GmbH"},"content":{"rendered":"<p>In den Augen der Westeurop\u00e4er ist Plastik in den Ozeanen die gr\u00f6\u00dfte Bedrohung f\u00fcr die<br \/>\nUmwelt. Das ergab eine globale Umfrage auf f\u00fcnf Kontinenten des Instituts<br \/>\nYouGov und die Non-Profit-Organisation \u201eOrange Ocean\u201c.<br \/>\nDemnach ist die Verschmutzung des Meeres sowohl f\u00fcr die meisten Deutschen, n\u00e4mlich<br \/>\n49 Prozent, auch f\u00fcr die Mehrzahl der Briten &#8211; hier sind es sogar 55 Prozent &#8211;<br \/>\ndas gr\u00f6\u00dfte Problem.<br \/>\nGenau da kommt Naturapack ins Spiel:<br \/>\nGeboren aus einem Gedankenspiel zwischen Profiwindsurfer und Verpackungsexperten,<br \/>\nWir haben uns entschieden, unser Teil zur Rettung der Weltmeere und zur Reduzierung<br \/>\nvon Plastikm\u00fcll beizutragen.<br \/>\nNaturapack steht f\u00fcr innovative und nachhaltige Verpackungsl\u00f6sungen,<br \/>\nden modernen Anforderungen an Umweltschutz und Effizienz gerecht werden.<br \/>\nAls engagierter Partner f\u00fcr Industrie und Handel entwickeln wir Verpackungssysteme,<br \/>\ndie Ressourcen schonen und h\u00f6chste Funktionalit\u00e4t bieten. Unser Sortiment umfasst<br \/>\nAlles von umweltfreundlichen F\u00fcll- und Polstermaterialien \u00fcber Kartonagen bis hin zu<br \/>\nClevere Verschluss- und Schutzsysteme.<br \/>\nMit Leidenschaft f\u00fcr Nachhaltigkeit und Qualit\u00e4t setzen wir uns daf\u00fcr ein,<br \/>\ndie Verpackungsbranche umweltbewusster und zukunftssicher zu gestalten.<br \/>\nGemeinsam mit unseren Kunden wollen wir einen positiven Beitrag leisten \u2013<br \/>\nF\u00fcr die Umwelt, f\u00fcr die n\u00e4chste Generation und f\u00fcr eine nachhaltigere Wirtschaft.<\/p>\n","protected":false},"excerpt":{"rendered":"<p>In den Augen der Westeurop\u00e4er ist Plastik in den Ozeanen die gr\u00f6\u00dfte Bedrohung f\u00fcr die Umwelt. Das ergab eine globale Umfrage auf f\u00fcnf Kontinenten des Instituts YouGov und die Non-Profit-Organisation \u201eOrange Ocean\u201c. Demnach ist die Verschmutzung des Meeres sowohl f\u00fcr die meisten Deutschen, n\u00e4mlich 49 Prozent, auch f\u00fcr die Mehrzahl der Briten &#8211; hier sind [&hellip;]<\/p>\n","protected":false},"featured_media":91260,"template":"","meta":{"_seopress_robots_primary_cat":"","_seopress_titles_title":"","_seopress_titles_desc":"","_seopress_robots_index":"","_api_id":"192336","_stand_number":"144","_partner_id":"11re1ap8zwgtq","_package_code":"00-EASY-EASYGO3-300","_website":"https:\/\/www.plastikfrei-verpacken.de","_email":"schliemann@naturapack.de","_facebook":"","_linkedin":"","_twitter":"","_instagram":"","_zipcode":"33161","_town":"H\u00f6velhof","_video_banner":"","_floorplan_url":"","footnotes":""},"edition":[473],"country":[93],"exhibitor-category":[480,490,478],"class_list":["post-64432","exhibitor","type-exhibitor","status-publish","has-post-thumbnail","hentry","edition-empack-hamburg-2025","country-de","exhibitor-category-industrie-transport-und-schutzverpackungen-21736","exhibitor-category-primaer-und-sekundaerpackmittel-21726","exhibitor-category-verpackungsdesign-und-entwicklung-21734","feature--stand-has-video-header","feature--stand-has-logo-shown"],"_logo":91258,"_cover_image":null,"_thumbnail_id":91260,"_products":[],"_news":[],"_jobs":[],"_links":{"self":[{"href":"https:\/\/www.hamburg.empack-messen.de\/de\/wp-json\/wp\/v2\/exhibitor\/64432","targetHints":{"allow":["GET"]}}],"collection":[{"href":"https:\/\/www.hamburg.empack-messen.de\/de\/wp-json\/wp\/v2\/exhibitor"}],"about":[{"href":"https:\/\/www.hamburg.empack-messen.de\/de\/wp-json\/wp\/v2\/types\/exhibitor"}],"version-history":[{"count":2,"href":"https:\/\/www.hamburg.empack-messen.de\/de\/wp-json\/wp\/v2\/exhibitor\/64432\/revisions"}],"predecessor-version":[{"id":91256,"href":"https:\/\/www.hamburg.empack-messen.de\/de\/wp-json\/wp\/v2\/exhibitor\/64432\/revisions\/91256"}],"wp:featuredmedia":[{"embeddable":true,"href":"https:\/\/www.hamburg.empack-messen.de\/de\/wp-json\/wp\/v2\/media\/91260"}],"wp:attachment":[{"href":"https:\/\/www.hamburg.empack-messen.de\/de\/wp-json\/wp\/v2\/media?parent=64432"}],"wp:term":[{"taxonomy":"edition","embeddable":true,"href":"https:\/\/www.hamburg.empack-messen.de\/de\/wp-json\/wp\/v2\/edition?post=64432"},{"taxonomy":"country","embeddable":true,"href":"https:\/\/www.hamburg.empack-messen.de\/de\/wp-json\/wp\/v2\/country?post=64432"},{"taxonomy":"exhibitor-category","embeddable":true,"href":"https:\/\/www.hamburg.empack-messen.de\/de\/wp-json\/wp\/v2\/exhibitor-category?post=64432"}],"curies":[{"name":"wp","href":"https:\/\/api.w.org\/{rel}","templated":true}]}}

<p>In den Augen der Westeuropäer ist Plastik in den Ozeanen die größte Bedrohung für die<br />
Umwelt. Das ergab eine globale Umfrage auf fünf Kontinenten des Instituts<br />
YouGov und die Non-Profit-Organisation „Orange Ocean“.<br />
Demnach ist die Verschmutzung des Meeres sowohl für die meisten Deutschen, nämlich<br />
49 Prozent, auch für die Mehrzahl der Briten &#8211; hier sind es sogar 55 Prozent &#8211;<br />
das größte Problem.<br />
Genau da kommt Naturapack ins Spiel:<br />
Geboren aus einem Gedankenspiel zwischen Profiwindsurfer und Verpackungsexperten,<br />
Wir haben uns entschieden, unser Teil zur Rettung der Weltmeere und zur Reduzierung<br />
von Plastikmüll beizutragen.<br />
Naturapack steht für innovative und nachhaltige Verpackungslösungen,<br />
den modernen Anforderungen an Umweltschutz und Effizienz gerecht werden.<br />
Als engagierter Partner für Industrie und Handel entwickeln wir Verpackungssysteme,<br />
die Ressourcen schonen und höchste Funktionalität bieten. Unser Sortiment umfasst<br />
Alles von umweltfreundlichen Füll- und Polstermaterialien über Kartonagen bis hin zu<br />
Clevere Verschluss- und Schutzsysteme.<br />
Mit Leidenschaft für Nachhaltigkeit und Qualität setzen wir uns dafür ein,<br />
die Verpackungsbranche umweltbewusster und zukunftssicher zu gestalten.<br />
Gemeinsam mit unseren Kunden wollen wir einen positiven Beitrag leisten –<br />
Für die Umwelt, für die nächste Generation und für eine nachhaltigere Wirtschaft.</p>

<p>In den Augen der Westeuropäer ist Plastik in den Ozeanen die größte Bedrohung für die Umwelt. Das ergab eine globale Umfrage auf fünf Kontinenten des Instituts YouGov und die Non-Profit-Organisation „Orange Ocean“. Demnach ist die Verschmutzung des Meeres sowohl für die meisten Deutschen, nämlich 49 Prozent, auch für die Mehrzahl der Briten &#8211; hier sind [&hellip;]</p>

Hövelhof
