{"id":65956,"date":"2024-11-28T16:37:26","date_gmt":"2024-11-28T15:37:26","guid":{"rendered":"https:\/\/www.hamburg.empack-messen.de\/exhibitor\/jacob-gmbh\/"},"modified":"2025-04-10T12:30:47","modified_gmt":"2025-04-10T10:30:47","slug":"jacob-gmbh","status":"publish","type":"exhibitor","link":"https:\/\/www.hamburg.empack-messen.de\/de\/exhibitor\/jacob-gmbh\/","title":{"rendered":"Jacob GmbH"},"content":{"rendered":"<p>Jacob &#8211; Ihr Spezialist f\u00fcr Kabeldurchf\u00fchrungssysteme und F\u00fcllstandmesstechnik<\/p>\n<p>Der Grundstein unserer Erfolgsgeschichte wurde 1922 gelegt<br \/>\nWilhelm Jacob beginnt im Stuttgarter Westen damit, auf Fasson-Drehautomaten Messing-Drehteile f\u00fcr die Elektroindustrie herzustellen. Schon damals pr\u00e4sentierte er seinen Betrieb auf der Leipziger Messe und kn\u00fcpfte Gesch\u00e4ftsverbindungen ins Ausland.<br \/>\nStetes Wachstum und die Ausweitung des Fertigungsprogramms erfordern immer wieder Umz\u00fcge. \u00dcber Fellbach und Waiblingen f\u00fchrt der Weg schlie\u00dflich nach Kernen-Rommelshausen. Hier k\u00f6nnen wir alle Bereiche der Firma unter einem Dach beziehungsweise auf einem Gel\u00e4nde vereinen \u2013 und haben auch noch Platz f\u00fcr zuk\u00fcnftige Erweiterungen.<br \/>\nHeute produzieren wir auf modernsten Spritzgie\u00dfmaschinen und mit CNC-Mehrspindel-Drehtechnik. Unsere 200 Mitarbeiter entwickeln, fertigen und vertreiben Kabelverschraubungen aus Messing, Edelstahl und Kunststoff. Ein weiterer Schwerpunkt: Seit mehr als 30 Jahren stellen wir elektronische Mess- und Regelger\u00e4te her. Wir bieten sowohl Standard-Produktlinien als auch kundenspezifische L\u00f6sungen.<br \/>\nUnsere Produkte sind weltweit im Einsatz \u2013 wir liefern mittlerweile in 70 L\u00e4nder. Ob in der Elektroindustrie, im Ger\u00e4te- und Schaltschrankbau, im Maschinenbau oder beim Elektro-Fachgro\u00dfh\u00e4ndler: Als Ihr kompetenter Partner bieten wir Ihnen eine optimale Betreuung und umfangreiche Service-Leistungen. Unsere komplette Fertigung erfolgt in Deutschland \u2013 \u201eMade in Germany\u201c b\u00fcrgt f\u00fcr h\u00f6chste Qualit\u00e4t!<br \/>\nWir wissen, dass Flexibilit\u00e4t und Schnelligkeit eine entscheidende Rolle f\u00fcr die Zufriedenheit unserer Kunden spielen. Deshalb tragen wir mit unserem neuen Logistik- und Produktionszentrum daf\u00fcr Sorge, dass die Produkte p\u00fcnktlich ankommen. Das verstehen wir unter bestm\u00f6glichem Service.<br \/>\nBis heute nehmen die Nachfahren des Firmengr\u00fcnders im Unternehmen Einfluss. F\u00fcr uns schlie\u00dfen sich Tradition und Fortschritt nicht aus. Wir f\u00fchlen uns unseren Kunden verpflichtet.<br \/>\nDeshalb lautet unser Motto: \u201eAnspruch verbindet\u201c<\/p>\n","protected":false},"excerpt":{"rendered":"<p>Jacob &#8211; Ihr Spezialist f\u00fcr Kabeldurchf\u00fchrungssysteme und F\u00fcllstandmesstechnik Der Grundstein unserer Erfolgsgeschichte wurde 1922 gelegt Wilhelm Jacob beginnt im Stuttgarter Westen damit, auf Fasson-Drehautomaten Messing-Drehteile f\u00fcr die Elektroindustrie herzustellen. Schon damals pr\u00e4sentierte er seinen Betrieb auf der Leipziger Messe und kn\u00fcpfte Gesch\u00e4ftsverbindungen ins Ausland. Stetes Wachstum und die Ausweitung des Fertigungsprogramms erfordern immer wieder Umz\u00fcge. [&hellip;]<\/p>\n","protected":false},"featured_media":0,"template":"","meta":{"_seopress_robots_primary_cat":"","_seopress_titles_title":"","_seopress_titles_desc":"","_seopress_robots_index":"","_api_id":"189815","_stand_number":"471","_partner_id":"33ut8vyp6m18q","_package_code":"00-EASY-EASYGO3-200","_website":"https:\/\/www.jacob-gmbh.de","_email":"edita.hamidovic@jacob-gmbh.de","_facebook":"","_linkedin":"","_twitter":"","_instagram":"","_zipcode":"71394","_town":"Kernen","_video_banner":"","_floorplan_url":"","footnotes":""},"edition":[475],"country":[93],"exhibitor-category":[576,546],"class_list":["post-65956","exhibitor","type-exhibitor","status-publish","hentry","edition-all-about-automation-hamburg-2025","country-de","exhibitor-category-schaltschrank-komponenten","exhibitor-category-sensorik-mess-und-regeltechnik"],"_logo":68588,"_cover_image":null,"_thumbnail_id":null,"_products":[{"href":"https:\/\/www.hamburg.empack-messen.de\/de\/wp-json\/wp\/v2\/products\/96699"},{"href":"https:\/\/www.hamburg.empack-messen.de\/de\/wp-json\/wp\/v2\/products\/96693"},{"href":"https:\/\/www.hamburg.empack-messen.de\/de\/wp-json\/wp\/v2\/products\/75461"},{"href":"https:\/\/www.hamburg.empack-messen.de\/de\/wp-json\/wp\/v2\/products\/75463"},{"href":"https:\/\/www.hamburg.empack-messen.de\/de\/wp-json\/wp\/v2\/products\/75459"},{"href":"https:\/\/www.hamburg.empack-messen.de\/de\/wp-json\/wp\/v2\/products\/75455"},{"href":"https:\/\/www.hamburg.empack-messen.de\/de\/wp-json\/wp\/v2\/products\/75453"}],"_news":[{"href":"https:\/\/www.hamburg.empack-messen.de\/de\/wp-json\/wp\/v2\/news\/96707"},{"href":"https:\/\/www.hamburg.empack-messen.de\/de\/wp-json\/wp\/v2\/news\/75465"},{"href":"https:\/\/www.hamburg.empack-messen.de\/de\/wp-json\/wp\/v2\/news\/75467"}],"_jobs":[],"_links":{"self":[{"href":"https:\/\/www.hamburg.empack-messen.de\/de\/wp-json\/wp\/v2\/exhibitor\/65956","targetHints":{"allow":["GET"]}}],"collection":[{"href":"https:\/\/www.hamburg.empack-messen.de\/de\/wp-json\/wp\/v2\/exhibitor"}],"about":[{"href":"https:\/\/www.hamburg.empack-messen.de\/de\/wp-json\/wp\/v2\/types\/exhibitor"}],"version-history":[{"count":1,"href":"https:\/\/www.hamburg.empack-messen.de\/de\/wp-json\/wp\/v2\/exhibitor\/65956\/revisions"}],"predecessor-version":[{"id":75449,"href":"https:\/\/www.hamburg.empack-messen.de\/de\/wp-json\/wp\/v2\/exhibitor\/65956\/revisions\/75449"}],"wp:attachment":[{"href":"https:\/\/www.hamburg.empack-messen.de\/de\/wp-json\/wp\/v2\/media?parent=65956"}],"wp:term":[{"taxonomy":"edition","embeddable":true,"href":"https:\/\/www.hamburg.empack-messen.de\/de\/wp-json\/wp\/v2\/edition?post=65956"},{"taxonomy":"country","embeddable":true,"href":"https:\/\/www.hamburg.empack-messen.de\/de\/wp-json\/wp\/v2\/country?post=65956"},{"taxonomy":"exhibitor-category","embeddable":true,"href":"https:\/\/www.hamburg.empack-messen.de\/de\/wp-json\/wp\/v2\/exhibitor-category?post=65956"}],"curies":[{"name":"wp","href":"https:\/\/api.w.org\/{rel}","templated":true}]}}

<p>Jacob &#8211; Ihr Spezialist für Kabeldurchführungssysteme und Füllstandmesstechnik</p>
<p>Der Grundstein unserer Erfolgsgeschichte wurde 1922 gelegt<br />
Wilhelm Jacob beginnt im Stuttgarter Westen damit, auf Fasson-Drehautomaten Messing-Drehteile für die Elektroindustrie herzustellen. Schon damals präsentierte er seinen Betrieb auf der Leipziger Messe und knüpfte Geschäftsverbindungen ins Ausland.<br />
Stetes Wachstum und die Ausweitung des Fertigungsprogramms erfordern immer wieder Umzüge. Über Fellbach und Waiblingen führt der Weg schließlich nach Kernen-Rommelshausen. Hier können wir alle Bereiche der Firma unter einem Dach beziehungsweise auf einem Gelände vereinen – und haben auch noch Platz für zukünftige Erweiterungen.<br />
Heute produzieren wir auf modernsten Spritzgießmaschinen und mit CNC-Mehrspindel-Drehtechnik. Unsere 200 Mitarbeiter entwickeln, fertigen und vertreiben Kabelverschraubungen aus Messing, Edelstahl und Kunststoff. Ein weiterer Schwerpunkt: Seit mehr als 30 Jahren stellen wir elektronische Mess- und Regelgeräte her. Wir bieten sowohl Standard-Produktlinien als auch kundenspezifische Lösungen.<br />
Unsere Produkte sind weltweit im Einsatz – wir liefern mittlerweile in 70 Länder. Ob in der Elektroindustrie, im Geräte- und Schaltschrankbau, im Maschinenbau oder beim Elektro-Fachgroßhändler: Als Ihr kompetenter Partner bieten wir Ihnen eine optimale Betreuung und umfangreiche Service-Leistungen. Unsere komplette Fertigung erfolgt in Deutschland – „Made in Germany“ bürgt für höchste Qualität!<br />
Wir wissen, dass Flexibilität und Schnelligkeit eine entscheidende Rolle für die Zufriedenheit unserer Kunden spielen. Deshalb tragen wir mit unserem neuen Logistik- und Produktionszentrum dafür Sorge, dass die Produkte pünktlich ankommen. Das verstehen wir unter bestmöglichem Service.<br />
Bis heute nehmen die Nachfahren des Firmengründers im Unternehmen Einfluss. Für uns schließen sich Tradition und Fortschritt nicht aus. Wir fühlen uns unseren Kunden verpflichtet.<br />
Deshalb lautet unser Motto: „Anspruch verbindet“</p>

<p>Jacob &#8211; Ihr Spezialist für Kabeldurchführungssysteme und Füllstandmesstechnik Der Grundstein unserer Erfolgsgeschichte wurde 1922 gelegt Wilhelm Jacob beginnt im Stuttgarter Westen damit, auf Fasson-Drehautomaten Messing-Drehteile für die Elektroindustrie herzustellen. Schon damals präsentierte er seinen Betrieb auf der Leipziger Messe und knüpfte Geschäftsverbindungen ins Ausland. Stetes Wachstum und die Ausweitung des Fertigungsprogramms erfordern immer wieder Umzüge. [&hellip;]</p>
