{"id":73543,"date":"2024-12-16T14:51:35","date_gmt":"2024-12-16T13:51:35","guid":{"rendered":"https:\/\/www.hamburg.empack-messen.de\/exhibitor\/gustav-schramm-gmbh\/"},"modified":"2025-01-27T20:19:41","modified_gmt":"2025-01-27T19:19:41","slug":"verpackung-de","status":"publish","type":"exhibitor","link":"https:\/\/www.hamburg.empack-messen.de\/de\/exhibitor\/verpackung-de\/","title":{"rendered":"Verpackung.de"},"content":{"rendered":"<p>Das Familienunternehmen Gustav Schramm GmbH wurde 1912 in Bremen gegr\u00fcndet und z\u00e4hlt heute zu einem der gr\u00f6\u00dften und bekanntesten Verpackungsh\u00e4ndler in Deutschland. Erleben Sie mit unserer neuen Webseite Verpackung.de eine Welt vol-ler smarter Verpackungsideen, exklusiver Angebote und un\u00fcbertroffenen Services. Verpackung.de wird Ihr neuer unverzichtbarer Partner f\u00fcr alles rund um Verpa-ckungen.<\/p>\n","protected":false},"excerpt":{"rendered":"<p>Das Familienunternehmen Gustav Schramm GmbH wurde 1912 in Bremen gegr\u00fcndet und z\u00e4hlt heute zu einem der gr\u00f6\u00dften und bekanntesten Verpackungsh\u00e4ndler in Deutschland. Erleben Sie mit unserer neuen Webseite Verpackung.de eine Welt vol-ler smarter Verpackungsideen, exklusiver Angebote und un\u00fcbertroffenen Services. Verpackung.de wird Ihr neuer unverzichtbarer Partner f\u00fcr alles rund um Verpa-ckungen.<\/p>\n","protected":false},"featured_media":0,"template":"","meta":{"_seopress_robots_primary_cat":"","_seopress_titles_title":"","_seopress_titles_desc":"","_seopress_robots_index":"","_api_id":"201839","_stand_number":"154","_partner_id":"17wa9w1xyxsnb","_package_code":"00-EASY-EASYGO3-300","_website":"https:\/\/www.verpackung.de","_email":"t.hansen@schramm-verpackung.de","_facebook":"","_linkedin":"https:\/\/www.linkedin.com\/company\/schrammwelt\/","_twitter":"","_instagram":"https:\/\/www.instagram.com\/schrammwelt\/","_zipcode":"28219","_town":"Bremen","_video_banner":"","_floorplan_url":"","footnotes":""},"edition":[473],"country":[93],"exhibitor-category":[478,484,476],"class_list":["post-73543","exhibitor","type-exhibitor","status-publish","hentry","edition-empack-hamburg-2025","country-de","exhibitor-category-verpackungsdesign-und-entwicklung-21734","exhibitor-category-verpackungsdienstleistungen-21728","exhibitor-category-verpackungsverbrauchsgueter","feature--stand-has-video-header","feature--stand-has-logo-shown"],"_logo":73693,"_cover_image":null,"_thumbnail_id":null,"_products":[{"href":"https:\/\/www.hamburg.empack-messen.de\/de\/wp-json\/wp\/v2\/products\/92118"},{"href":"https:\/\/www.hamburg.empack-messen.de\/de\/wp-json\/wp\/v2\/products\/92116"},{"href":"https:\/\/www.hamburg.empack-messen.de\/de\/wp-json\/wp\/v2\/products\/92112"},{"href":"https:\/\/www.hamburg.empack-messen.de\/de\/wp-json\/wp\/v2\/products\/92110"},{"href":"https:\/\/www.hamburg.empack-messen.de\/de\/wp-json\/wp\/v2\/products\/92108"},{"href":"https:\/\/www.hamburg.empack-messen.de\/de\/wp-json\/wp\/v2\/products\/92104"},{"href":"https:\/\/www.hamburg.empack-messen.de\/de\/wp-json\/wp\/v2\/products\/92100"},{"href":"https:\/\/www.hamburg.empack-messen.de\/de\/wp-json\/wp\/v2\/products\/92098"},{"href":"https:\/\/www.hamburg.empack-messen.de\/de\/wp-json\/wp\/v2\/products\/92096"},{"href":"https:\/\/www.hamburg.empack-messen.de\/de\/wp-json\/wp\/v2\/products\/92092"},{"href":"https:\/\/www.hamburg.empack-messen.de\/de\/wp-json\/wp\/v2\/products\/92090"},{"href":"https:\/\/www.hamburg.empack-messen.de\/de\/wp-json\/wp\/v2\/products\/92088"},{"href":"https:\/\/www.hamburg.empack-messen.de\/de\/wp-json\/wp\/v2\/products\/92086"},{"href":"https:\/\/www.hamburg.empack-messen.de\/de\/wp-json\/wp\/v2\/products\/92084"},{"href":"https:\/\/www.hamburg.empack-messen.de\/de\/wp-json\/wp\/v2\/products\/92080"}],"_news":[],"_jobs":[],"_links":{"self":[{"href":"https:\/\/www.hamburg.empack-messen.de\/de\/wp-json\/wp\/v2\/exhibitor\/73543","targetHints":{"allow":["GET"]}}],"collection":[{"href":"https:\/\/www.hamburg.empack-messen.de\/de\/wp-json\/wp\/v2\/exhibitor"}],"about":[{"href":"https:\/\/www.hamburg.empack-messen.de\/de\/wp-json\/wp\/v2\/types\/exhibitor"}],"version-history":[{"count":1,"href":"https:\/\/www.hamburg.empack-messen.de\/de\/wp-json\/wp\/v2\/exhibitor\/73543\/revisions"}],"predecessor-version":[{"id":73691,"href":"https:\/\/www.hamburg.empack-messen.de\/de\/wp-json\/wp\/v2\/exhibitor\/73543\/revisions\/73691"}],"wp:attachment":[{"href":"https:\/\/www.hamburg.empack-messen.de\/de\/wp-json\/wp\/v2\/media?parent=73543"}],"wp:term":[{"taxonomy":"edition","embeddable":true,"href":"https:\/\/www.hamburg.empack-messen.de\/de\/wp-json\/wp\/v2\/edition?post=73543"},{"taxonomy":"country","embeddable":true,"href":"https:\/\/www.hamburg.empack-messen.de\/de\/wp-json\/wp\/v2\/country?post=73543"},{"taxonomy":"exhibitor-category","embeddable":true,"href":"https:\/\/www.hamburg.empack-messen.de\/de\/wp-json\/wp\/v2\/exhibitor-category?post=73543"}],"curies":[{"name":"wp","href":"https:\/\/api.w.org\/{rel}","templated":true}]}}

<p>Das Familienunternehmen Gustav Schramm GmbH wurde 1912 in Bremen gegründet und zählt heute zu einem der größten und bekanntesten Verpackungshändler in Deutschland. Erleben Sie mit unserer neuen Webseite Verpackung.de eine Welt vol-ler smarter Verpackungsideen, exklusiver Angebote und unübertroffenen Services. Verpackung.de wird Ihr neuer unverzichtbarer Partner für alles rund um Verpa-ckungen.</p>
