{"id":77314,"date":"2025-01-17T11:54:25","date_gmt":"2025-01-17T10:54:25","guid":{"rendered":"https:\/\/www.hamburg.empack-messen.de\/exhibitor\/woehrle-stromversorgungssysteme-gmbh\/"},"modified":"2025-12-05T10:41:12","modified_gmt":"2025-12-05T09:41:12","slug":"woehrle-stromversorgungssysteme-gmbh","status":"publish","type":"exhibitor","link":"https:\/\/www.hamburg.empack-messen.de\/de\/exhibitor\/woehrle-stromversorgungssysteme-gmbh\/","title":{"rendered":"W\u00f6hrle Stromversorgungssysteme GmbH"},"content":{"rendered":"<p>Der Spezialist f\u00fcr eine sichere Stromversorgung: Das ist W\u00f6hrle \u2013 seit \u00fcber 30 Jahren<\/p>\n<p>Als mittelst\u00e4ndisches, inhabergef\u00fchrtes Unternehmen entwickelt, produziert und vertreibt die W\u00f6hrle Stromversorgungssysteme GmbH seit mehr als 30 Jahren hochwertige Stromversorgungssysteme.<\/p>\n<p>Dank unseres kompromisslosen Anspruchs an Technik, Qualit\u00e4t und Architektur werden unsere Produkte weltweit sowohl im industriellen Umfeld und in kritischen Umgebungen als auch in IT-Applikationen und Rechenzentren eingesetzt. Dar\u00fcber hinaus entwickeln wir auch L\u00f6sungen f\u00fcr Branchen wie Medizin, Sicherheit, Energie, Umwelt und Lasertechnologie.<\/p>\n<p>Als Spezialist f\u00fcr besondere Anforderungen an die Stromversorgung nehmen wir jede Herausforderung an. Mit Experten-Knowhow zu USV-L\u00f6sungen, jahrzehntelanger Erfahrung und unerm\u00fcdlichem Einsatz bieten wir Ihnen die perfekte und auf Ihre Anforderungen zugeschnittene L\u00f6sung.<\/p>\n","protected":false},"excerpt":{"rendered":"<p>Der Spezialist f\u00fcr eine sichere Stromversorgung: Das ist W\u00f6hrle \u2013 seit \u00fcber 30 Jahren Als mittelst\u00e4ndisches, inhabergef\u00fchrtes Unternehmen entwickelt, produziert und vertreibt die W\u00f6hrle Stromversorgungssysteme GmbH seit mehr als 30 Jahren hochwertige Stromversorgungssysteme. Dank unseres kompromisslosen Anspruchs an Technik, Qualit\u00e4t und Architektur werden unsere Produkte weltweit sowohl im industriellen Umfeld und in kritischen Umgebungen als [&hellip;]<\/p>\n","protected":false},"featured_media":94346,"template":"","meta":{"_seopress_robots_primary_cat":"","_seopress_titles_title":"","_seopress_titles_desc":"","_seopress_robots_index":"","_api_id":"203816","_stand_number":"369","_partner_id":"2tnnpooeuwbjk","_package_code":"00-EASY-EASYGO3-300","_website":"https:\/\/www.woehrle-svs.de\/","_email":"marketing@woehrle-svs.de","_facebook":"","_linkedin":"https:\/\/www.linkedin.com\/company\/3343589\/admin\/dashboard\/","_twitter":"","_instagram":"","_zipcode":"71144","_town":"Steinenbronn","_video_banner":"","_floorplan_url":"","footnotes":""},"edition":[475],"country":[93],"exhibitor-category":[556,558,576,564],"class_list":["post-77314","exhibitor","type-exhibitor","status-publish","has-post-thumbnail","hentry","edition-all-about-automation-hamburg-2025","country-de","exhibitor-category-elektronik-und-konnektivitaet","exhibitor-category-industrieelektronik","exhibitor-category-schaltschrank-komponenten","exhibitor-category-schaltschrankbau-montage-installation","feature--stand-has-video-header","feature--stand-has-logo-shown"],"_logo":94168,"_cover_image":null,"_thumbnail_id":94346,"_products":[{"href":"https:\/\/www.hamburg.empack-messen.de\/de\/wp-json\/wp\/v2\/products\/93732"},{"href":"https:\/\/www.hamburg.empack-messen.de\/de\/wp-json\/wp\/v2\/products\/86853"}],"_news":[],"_jobs":[],"_links":{"self":[{"href":"https:\/\/www.hamburg.empack-messen.de\/de\/wp-json\/wp\/v2\/exhibitor\/77314","targetHints":{"allow":["GET"]}}],"collection":[{"href":"https:\/\/www.hamburg.empack-messen.de\/de\/wp-json\/wp\/v2\/exhibitor"}],"about":[{"href":"https:\/\/www.hamburg.empack-messen.de\/de\/wp-json\/wp\/v2\/types\/exhibitor"}],"version-history":[{"count":3,"href":"https:\/\/www.hamburg.empack-messen.de\/de\/wp-json\/wp\/v2\/exhibitor\/77314\/revisions"}],"predecessor-version":[{"id":93745,"href":"https:\/\/www.hamburg.empack-messen.de\/de\/wp-json\/wp\/v2\/exhibitor\/77314\/revisions\/93745"}],"wp:featuredmedia":[{"embeddable":true,"href":"https:\/\/www.hamburg.empack-messen.de\/de\/wp-json\/wp\/v2\/media\/94346"}],"wp:attachment":[{"href":"https:\/\/www.hamburg.empack-messen.de\/de\/wp-json\/wp\/v2\/media?parent=77314"}],"wp:term":[{"taxonomy":"edition","embeddable":true,"href":"https:\/\/www.hamburg.empack-messen.de\/de\/wp-json\/wp\/v2\/edition?post=77314"},{"taxonomy":"country","embeddable":true,"href":"https:\/\/www.hamburg.empack-messen.de\/de\/wp-json\/wp\/v2\/country?post=77314"},{"taxonomy":"exhibitor-category","embeddable":true,"href":"https:\/\/www.hamburg.empack-messen.de\/de\/wp-json\/wp\/v2\/exhibitor-category?post=77314"}],"curies":[{"name":"wp","href":"https:\/\/api.w.org\/{rel}","templated":true}]}}

Wöhrle Stromversorgungssysteme GmbH

<p>Der Spezialist für eine sichere Stromversorgung: Das ist Wöhrle – seit über 30 Jahren</p>
<p>Als mittelständisches, inhabergeführtes Unternehmen entwickelt, produziert und vertreibt die Wöhrle Stromversorgungssysteme GmbH seit mehr als 30 Jahren hochwertige Stromversorgungssysteme.</p>
<p>Dank unseres kompromisslosen Anspruchs an Technik, Qualität und Architektur werden unsere Produkte weltweit sowohl im industriellen Umfeld und in kritischen Umgebungen als auch in IT-Applikationen und Rechenzentren eingesetzt. Darüber hinaus entwickeln wir auch Lösungen für Branchen wie Medizin, Sicherheit, Energie, Umwelt und Lasertechnologie.</p>
<p>Als Spezialist für besondere Anforderungen an die Stromversorgung nehmen wir jede Herausforderung an. Mit Experten-Knowhow zu USV-Lösungen, jahrzehntelanger Erfahrung und unermüdlichem Einsatz bieten wir Ihnen die perfekte und auf Ihre Anforderungen zugeschnittene Lösung.</p>

<p>Der Spezialist für eine sichere Stromversorgung: Das ist Wöhrle – seit über 30 Jahren Als mittelständisches, inhabergeführtes Unternehmen entwickelt, produziert und vertreibt die Wöhrle Stromversorgungssysteme GmbH seit mehr als 30 Jahren hochwertige Stromversorgungssysteme. Dank unseres kompromisslosen Anspruchs an Technik, Qualität und Architektur werden unsere Produkte weltweit sowohl im industriellen Umfeld und in kritischen Umgebungen als [&hellip;]</p>
