{"id":84594,"date":"2025-02-20T11:14:05","date_gmt":"2025-02-20T10:14:05","guid":{"rendered":"https:\/\/www.hamburg.empack-messen.de\/job\/servicetechniker-m-w-d-in-waldkraiburg\/"},"modified":"2025-02-20T11:14:27","modified_gmt":"2025-02-20T10:14:27","slug":"servicetechniker-m-w-d-in-waldkraiburg","status":"publish","type":"job","link":"https:\/\/www.hamburg.empack-messen.de\/de\/job\/servicetechniker-m-w-d-in-waldkraiburg\/","title":{"rendered":"Servicetechniker (m\/w\/d) in Waldkraiburg"},"content":{"rendered":"<p>Das Aufgabengebiet umfasst:<\/p>\n<p>&#8211; Ger\u00e4teinstallation, Wartung und Reparatur im internationalen Au\u00dfendienst<br \/>\n&#8211; Unterweisung und Schulung von Kunden<br \/>\n&#8211; Kundenpflege (CRM) und Berichtswesen<br \/>\n&#8211; selbst\u00e4ndige Planung von Eins\u00e4tzen in Zusammenarbeit mit dem Gruppenleiter Service Au\u00dfendienst<br \/>\n&#8211; \u00dcberarbeitung und Optimierung von Ger\u00e4ten im Stammhaus oder beim Kunden vor Ort<br \/>\n&#8211; Marktbeobachtung, sowie Aufzeigen von Schwachstellen und Verbesserungsm\u00f6glichkeiten<br \/>\n&#8211; Betreuung von Teststellungen und Versuchen<\/p>\n<p>Wir erwarten:<\/p>\n<p>&#8211; Kenntnisse im Aufbau von elektrischen, mechanischen und pneumatischen Komponenten, sowie komplexen Systemen<br \/>\n&#8211; sicherer Umgang mit technischen Zeichnungen und elektrischen Schaltpl\u00e4nen<br \/>\n&#8211; Kenntnisse \u00fcber Qualit\u00e4ts- und Sicherheitsvorschriften<br \/>\n&#8211; gute Englischkenntnisse in Wort und Schrift<br \/>\n&#8211; gute Franz\u00f6sischkenntnisse in Wort und Schrift w\u00fcnschenswert<br \/>\n&#8211; Reisebereitschaft, national und international<\/p>\n","protected":false},"excerpt":{"rendered":"<p>Wir bieten:<\/p>\n<p>&#8211; eine abwechslungsreiche T\u00e4tigkeit in einer vertrauensvollen Arbeitsatmosph\u00e4re<br \/>\n&#8211; F\u00f6rderung von kreativen L\u00f6sungsmethoden<br \/>\n&#8211; flexible Arbeitszeitmodelle (35 h \/ 37,5 h \/ 40 h pro Woche)<br \/>\n&#8211; stellenbezogenes Angebot zum mobilen Arbeiten<br \/>\n&#8211; betriebliches Gesundheitsmanagement<br \/>\n&#8211; Leistungsbeurteilung, Inflationsausgleich und 13. Monatsgehalt<br \/>\n&#8211; individuelle Weiterbildungsm\u00f6glichkeiten<br \/>\n&#8211; 30 Urlaubstage<br \/>\n&#8211; vielseitige Sozialleistungen wie z.B. Gleitzeit, betriebliche Altersversorgung, Zuschuss Fitnessstudio, JobRad, Betriebsfeiern<\/p>\n","protected":false},"featured_media":54930,"template":"","meta":{"_seopress_robots_primary_cat":"","_seopress_titles_title":"","_seopress_titles_desc":"","_seopress_robots_index":"","_api_id":"15082","_exhibitors":["64430"],"footnotes":""},"edition":[473],"class_list":["post-84594","job","type-job","status-publish","has-post-thumbnail","hentry","edition-empack-hamburg-2025"],"_links":{"self":[{"href":"https:\/\/www.hamburg.empack-messen.de\/de\/wp-json\/wp\/v2\/job\/84594","targetHints":{"allow":["GET"]}}],"collection":[{"href":"https:\/\/www.hamburg.empack-messen.de\/de\/wp-json\/wp\/v2\/job"}],"about":[{"href":"https:\/\/www.hamburg.empack-messen.de\/de\/wp-json\/wp\/v2\/types\/job"}],"version-history":[{"count":1,"href":"https:\/\/www.hamburg.empack-messen.de\/de\/wp-json\/wp\/v2\/job\/84594\/revisions"}],"predecessor-version":[{"id":84600,"href":"https:\/\/www.hamburg.empack-messen.de\/de\/wp-json\/wp\/v2\/job\/84594\/revisions\/84600"}],"wp:featuredmedia":[{"embeddable":true,"href":"https:\/\/www.hamburg.empack-messen.de\/de\/wp-json\/wp\/v2\/media\/54930"}],"wp:attachment":[{"href":"https:\/\/www.hamburg.empack-messen.de\/de\/wp-json\/wp\/v2\/media?parent=84594"}],"wp:term":[{"taxonomy":"edition","embeddable":true,"href":"https:\/\/www.hamburg.empack-messen.de\/de\/wp-json\/wp\/v2\/edition?post=84594"}],"curies":[{"name":"wp","href":"https:\/\/api.w.org\/{rel}","templated":true}]}}

<p>Das Aufgabengebiet umfasst:</p>
<p>&#8211; Geräteinstallation, Wartung und Reparatur im internationalen Außendienst<br />
&#8211; Unterweisung und Schulung von Kunden<br />
&#8211; Kundenpflege (CRM) und Berichtswesen<br />
&#8211; selbständige Planung von Einsätzen in Zusammenarbeit mit dem Gruppenleiter Service Außendienst<br />
&#8211; Überarbeitung und Optimierung von Geräten im Stammhaus oder beim Kunden vor Ort<br />
&#8211; Marktbeobachtung, sowie Aufzeigen von Schwachstellen und Verbesserungsmöglichkeiten<br />
&#8211; Betreuung von Teststellungen und Versuchen</p>
<p>Wir erwarten:</p>
<p>&#8211; Kenntnisse im Aufbau von elektrischen, mechanischen und pneumatischen Komponenten, sowie komplexen Systemen<br />
&#8211; sicherer Umgang mit technischen Zeichnungen und elektrischen Schaltplänen<br />
&#8211; Kenntnisse über Qualitäts- und Sicherheitsvorschriften<br />
&#8211; gute Englischkenntnisse in Wort und Schrift<br />
&#8211; gute Französischkenntnisse in Wort und Schrift wünschenswert<br />
&#8211; Reisebereitschaft, national und international</p>

<p>Wir bieten:</p>
<p>&#8211; eine abwechslungsreiche Tätigkeit in einer vertrauensvollen Arbeitsatmosphäre<br />
&#8211; Förderung von kreativen Lösungsmethoden<br />
&#8211; flexible Arbeitszeitmodelle (35 h / 37,5 h / 40 h pro Woche)<br />
&#8211; stellenbezogenes Angebot zum mobilen Arbeiten<br />
&#8211; betriebliches Gesundheitsmanagement<br />
&#8211; Leistungsbeurteilung, Inflationsausgleich und 13. Monatsgehalt<br />
&#8211; individuelle Weiterbildungsmöglichkeiten<br />
&#8211; 30 Urlaubstage<br />
&#8211; vielseitige Sozialleistungen wie z.B. Gleitzeit, betriebliche Altersversorgung, Zuschuss Fitnessstudio, JobRad, Betriebsfeiern</p>
