{"id":95321,"date":"2025-04-23T10:25:26","date_gmt":"2025-04-23T08:25:26","guid":{"rendered":"https:\/\/www.hamburg.empack-messen.de\/job\/kundenberater-aussendienst-w-m-d\/"},"modified":"2025-04-23T15:06:12","modified_gmt":"2025-04-23T13:06:12","slug":"kundenberater-aussendienst-w-m-d","status":"publish","type":"job","link":"https:\/\/www.hamburg.empack-messen.de\/de\/job\/kundenberater-aussendienst-w-m-d\/","title":{"rendered":"Kundenberater Au\u00dfendienst (w\/m\/d)"},"content":{"rendered":"","protected":false},"excerpt":{"rendered":"<p>Zur Verst\u00e4rkung unseres Teams suchen wir ab sofort einen Kundenberater (w\/m\/d). <\/p>\n<p>Aufgaben<br \/>\n&#8211; Beratung und Betreuung unserer Kunden<br \/>\n&#8211; Ausbau unseres Kundenstamms und Neukundengenerierung<br \/>\n &#8211; Pr\u00e4sentation und Verkauf unserer Produkte<br \/>\n &#8211; Pr\u00e4sentation des Unternehmens und der Produkte auf Evens<\/p>\n<p>Ihr Profil<br \/>\n&#8211; Kaufm\u00e4nnische Denkweisen und Kundenorientierung<br \/>\n&#8211; Verhandlungsgeschick<br \/>\n&#8211; Hohes Ma\u00df an Einsatzbereitschaft, Kontaktfreude und Standhaftigkeit<br \/>\n&#8211; Organisationsf\u00e4higkeit, Eigeninitiative und zielgerichtetes Arbeiten    <\/p>\n<p>Unser Angebot<br \/>\n    Betriebliche Altersvorsorge mit Arbeitgeberzuschuss<br \/>\n    Firmenwagen zur dienstlichen und privaten Nutzung<br \/>\n    Verm\u00f6genswirksame Leistungen (max. Betrag)<br \/>\n    Urlaubs- und Weihnachtsgeld<br \/>\n    Mitarbeiterevents<br \/>\n    Stabilit\u00e4t in einem soliden Familienunternehmen <\/p>\n<p>Bitte senden Sie uns Ihre vollst\u00e4ndigen Bewerbungsunterlagen mit Angabe Ihres fr\u00fchestm\u00f6glichen Eintrittstermins sowie Ihre Gehaltsvorstellung. Wir freuen uns auf Ihre Bewerbung!<\/p>\n","protected":false},"featured_media":0,"template":"","meta":{"_seopress_robots_primary_cat":"","_seopress_titles_title":"","_seopress_titles_desc":"","_seopress_robots_index":"","_api_id":"15297","_exhibitors":["64258"],"footnotes":""},"edition":[473],"class_list":["post-95321","job","type-job","status-publish","hentry","edition-empack-hamburg-2025"],"_links":{"self":[{"href":"https:\/\/www.hamburg.empack-messen.de\/de\/wp-json\/wp\/v2\/job\/95321","targetHints":{"allow":["GET"]}}],"collection":[{"href":"https:\/\/www.hamburg.empack-messen.de\/de\/wp-json\/wp\/v2\/job"}],"about":[{"href":"https:\/\/www.hamburg.empack-messen.de\/de\/wp-json\/wp\/v2\/types\/job"}],"version-history":[{"count":1,"href":"https:\/\/www.hamburg.empack-messen.de\/de\/wp-json\/wp\/v2\/job\/95321\/revisions"}],"predecessor-version":[{"id":95472,"href":"https:\/\/www.hamburg.empack-messen.de\/de\/wp-json\/wp\/v2\/job\/95321\/revisions\/95472"}],"wp:attachment":[{"href":"https:\/\/www.hamburg.empack-messen.de\/de\/wp-json\/wp\/v2\/media?parent=95321"}],"wp:term":[{"taxonomy":"edition","embeddable":true,"href":"https:\/\/www.hamburg.empack-messen.de\/de\/wp-json\/wp\/v2\/edition?post=95321"}],"curies":[{"name":"wp","href":"https:\/\/api.w.org\/{rel}","templated":true}]}}

Kundenberater Außendienst (w/m/d)

<p>Zur Verstärkung unseres Teams suchen wir ab sofort einen Kundenberater (w/m/d). </p>
<p>Aufgaben<br />
&#8211; Beratung und Betreuung unserer Kunden<br />
&#8211; Ausbau unseres Kundenstamms und Neukundengenerierung<br />
 &#8211; Präsentation und Verkauf unserer Produkte<br />
 &#8211; Präsentation des Unternehmens und der Produkte auf Evens</p>
<p>Ihr Profil<br />
&#8211; Kaufmännische Denkweisen und Kundenorientierung<br />
&#8211; Verhandlungsgeschick<br />
&#8211; Hohes Maß an Einsatzbereitschaft, Kontaktfreude und Standhaftigkeit<br />
&#8211; Organisationsfähigkeit, Eigeninitiative und zielgerichtetes Arbeiten    </p>
<p>Unser Angebot<br />
    Betriebliche Altersvorsorge mit Arbeitgeberzuschuss<br />
    Firmenwagen zur dienstlichen und privaten Nutzung<br />
    Vermögenswirksame Leistungen (max. Betrag)<br />
    Urlaubs- und Weihnachtsgeld<br />
    Mitarbeiterevents<br />
    Stabilität in einem soliden Familienunternehmen </p>
<p>Bitte senden Sie uns Ihre vollständigen Bewerbungsunterlagen mit Angabe Ihres frühestmöglichen Eintrittstermins sowie Ihre Gehaltsvorstellung. Wir freuen uns auf Ihre Bewerbung!</p>
