{"id":64232,"date":"2024-11-28T16:19:00","date_gmt":"2024-11-28T15:19:00","guid":{"rendered":"https:\/\/www.hamburg.empack-messen.de\/products\/f-serie-faserlaser\/"},"modified":"2025-01-27T19:49:48","modified_gmt":"2025-01-27T18:49:48","slug":"f-serie-faserlaser","status":"publish","type":"products","link":"https:\/\/www.hamburg.empack-messen.de\/de\/products\/f-serie-faserlaser\/","title":{"rendered":"F-Serie: Faserlaser"},"content":{"rendered":"<p>Faserlaser<\/p>\n<p>\u2022\tPr\u00e4zise, dauerhaft best\u00e4ndige Kennzeichnungen dank hoher Pulsspitzenleistung<br \/>\n\u2022\tVariable Wellenform: anpassbar f\u00fcr die Markierung von unterschiedlichen Substraten<br \/>\n\u2022\tGro\u00dfe Anzahl an kontraststarken Zeichen auf Kunststoffen m\u00f6glich, selbst bei bruchanf\u00e4lligen Materialien<br \/>\n\u2022\tHohe Betriebsbereitschaft &#038; langlebig: zu erwartende Laser-Lebensdauer von ca. 100.000 Stunden<br \/>\n\u2022\tFlexibel, anpassungsf\u00e4hig und insgesamt sehr geringer Wartungsaufwand<br \/>\n\u2022\tSowohl f\u00fcr statische\/intermittierende als auch f\u00fcr Beschriftungsanwendungen bei niedrigen bis hohen Liniengeschwindigkeiten in zahlreichen Industriesektoren geeignet<br \/>\n\u2022\tNeu konzipiertes K\u00fchlsystem: optimiert Ihre Gesamtbetriebskosten durch einen niedrigen Energieverbrauch &#038; erm\u00f6glicht eine sehr hohe Verf\u00fcgbarkeit dank geringem K\u00fchlungsbedarf<br \/>\n\u2022\tBreites Anwendungsspektrum: IP55- oder IP65-Schutzklasse des Geh\u00e4uses erm\u00f6glicht den bedenkenlosen Einsatz auch in anspruchsvollen Umgebungsbedingungen<\/p>\n","protected":false},"excerpt":{"rendered":"<p>Faserlaser \u2022 Pr\u00e4zise, dauerhaft best\u00e4ndige Kennzeichnungen dank hoher Pulsspitzenleistung \u2022 Variable Wellenform: anpassbar f\u00fcr die Markierung von unterschiedlichen Substraten \u2022 Gro\u00dfe Anzahl an kontraststarken Zeichen auf Kunststoffen m\u00f6glich, selbst bei bruchanf\u00e4lligen Materialien \u2022 Hohe Betriebsbereitschaft &#038; langlebig: zu erwartende Laser-Lebensdauer von ca. 100.000 Stunden \u2022 Flexibel, anpassungsf\u00e4hig und insgesamt sehr geringer Wartungsaufwand \u2022 Sowohl f\u00fcr [&hellip;]<\/p>\n","protected":false},"featured_media":45265,"template":"","meta":{"_seopress_robots_primary_cat":"","_seopress_titles_title":"","_seopress_titles_desc":"","_seopress_robots_index":"","_api_id":"140230","_exhibitors":["64218"],"footnotes":""},"tags":[],"edition":[473],"product-category":[],"class_list":["post-64232","products","type-products","status-publish","has-post-thumbnail","hentry","edition-empack-hamburg-2025"],"_links":{"self":[{"href":"https:\/\/www.hamburg.empack-messen.de\/de\/wp-json\/wp\/v2\/products\/64232","targetHints":{"allow":["GET"]}}],"collection":[{"href":"https:\/\/www.hamburg.empack-messen.de\/de\/wp-json\/wp\/v2\/products"}],"about":[{"href":"https:\/\/www.hamburg.empack-messen.de\/de\/wp-json\/wp\/v2\/types\/products"}],"version-history":[{"count":5,"href":"https:\/\/www.hamburg.empack-messen.de\/de\/wp-json\/wp\/v2\/products\/64232\/revisions"}],"predecessor-version":[{"id":78543,"href":"https:\/\/www.hamburg.empack-messen.de\/de\/wp-json\/wp\/v2\/products\/64232\/revisions\/78543"}],"wp:featuredmedia":[{"embeddable":true,"href":"https:\/\/www.hamburg.empack-messen.de\/de\/wp-json\/wp\/v2\/media\/45265"}],"wp:attachment":[{"href":"https:\/\/www.hamburg.empack-messen.de\/de\/wp-json\/wp\/v2\/media?parent=64232"}],"wp:term":[{"taxonomy":"post_tag","embeddable":true,"href":"https:\/\/www.hamburg.empack-messen.de\/de\/wp-json\/wp\/v2\/tags?post=64232"},{"taxonomy":"edition","embeddable":true,"href":"https:\/\/www.hamburg.empack-messen.de\/de\/wp-json\/wp\/v2\/edition?post=64232"},{"taxonomy":"product-category","embeddable":true,"href":"https:\/\/www.hamburg.empack-messen.de\/de\/wp-json\/wp\/v2\/product-category?post=64232"}],"curies":[{"name":"wp","href":"https:\/\/api.w.org\/{rel}","templated":true}]}}

<p>Faserlaser</p>
<p>•	Präzise, dauerhaft beständige Kennzeichnungen dank hoher Pulsspitzenleistung<br />
•	Variable Wellenform: anpassbar für die Markierung von unterschiedlichen Substraten<br />
•	Große Anzahl an kontraststarken Zeichen auf Kunststoffen möglich, selbst bei bruchanfälligen Materialien<br />
•	Hohe Betriebsbereitschaft &#038; langlebig: zu erwartende Laser-Lebensdauer von ca. 100.000 Stunden<br />
•	Flexibel, anpassungsfähig und insgesamt sehr geringer Wartungsaufwand<br />
•	Sowohl für statische/intermittierende als auch für Beschriftungsanwendungen bei niedrigen bis hohen Liniengeschwindigkeiten in zahlreichen Industriesektoren geeignet<br />
•	Neu konzipiertes Kühlsystem: optimiert Ihre Gesamtbetriebskosten durch einen niedrigen Energieverbrauch &#038; ermöglicht eine sehr hohe Verfügbarkeit dank geringem Kühlungsbedarf<br />
•	Breites Anwendungsspektrum: IP55- oder IP65-Schutzklasse des Gehäuses ermöglicht den bedenkenlosen Einsatz auch in anspruchsvollen Umgebungsbedingungen</p>

<p>Faserlaser • Präzise, dauerhaft beständige Kennzeichnungen dank hoher Pulsspitzenleistung • Variable Wellenform: anpassbar für die Markierung von unterschiedlichen Substraten • Große Anzahl an kontraststarken Zeichen auf Kunststoffen möglich, selbst bei bruchanfälligen Materialien • Hohe Betriebsbereitschaft &#038; langlebig: zu erwartende Laser-Lebensdauer von ca. 100.000 Stunden • Flexibel, anpassungsfähig und insgesamt sehr geringer Wartungsaufwand • Sowohl für [&hellip;]</p>
