{"id":64272,"date":"2024-11-28T16:19:19","date_gmt":"2024-11-28T15:19:19","guid":{"rendered":"https:\/\/www.hamburg.empack-messen.de\/products\/grasverpackungen\/"},"modified":"2025-04-23T15:06:11","modified_gmt":"2025-04-23T13:06:11","slug":"grasverpackungen","status":"publish","type":"products","link":"https:\/\/www.hamburg.empack-messen.de\/de\/products\/grasverpackungen\/","title":{"rendered":"Grasverpackungen"},"content":{"rendered":"<p>Nachhaltigkeit und das Bewusstsein f\u00fcr Umweltfragen sind f\u00fcr viele Menschen in der aktuellen Zeit wichtiger geworden. Die Menschen wollen bewusster Leben und sich mehr in der Natur aufhalten. Dieser Wertewandel ist auch zunehmend in der Materialauswahl zu sp\u00fcren.<br \/>\nAus Graspapier lassen sich alle g\u00e4ngigen Standard- und Spezialverpackungen des FEFCO-Codes fertigen. Besonders interessant sind das Graspapier-Verpackungen als Prim\u00e4r- und Sekund\u00e4rverpackungen f\u00fcr Lebensmittel und Kosmetik (ISEGA-Zertifikat). Au\u00dferdem w\u00e4hlen dieses Material besonders Unternehmen, die bei ihren eigenen Produkten ebenfalls auf Nachhaltigkeit und Umweltschutz setzen oder denen faire Rohstoffe und soziales Engagement eine Herzensangelegenheit sind.<\/p>\n","protected":false},"excerpt":{"rendered":"<p>Nachhaltigkeit und das Bewusstsein f\u00fcr Umweltfragen sind f\u00fcr viele Menschen in der aktuellen Zeit wichtiger geworden. Die Menschen wollen bewusster Leben und sich mehr in der Natur aufhalten. Dieser Wertewandel ist auch zunehmend in der Materialauswahl zu sp\u00fcren. Aus Graspapier lassen sich alle g\u00e4ngigen Standard- und Spezialverpackungen des FEFCO-Codes fertigen. Besonders interessant sind das Graspapier-Verpackungen [&hellip;]<\/p>\n","protected":false},"featured_media":45162,"template":"","meta":{"_seopress_robots_primary_cat":"","_seopress_titles_title":"","_seopress_titles_desc":"","_seopress_robots_index":"","_api_id":"186649","_exhibitors":["64258"],"footnotes":""},"tags":[],"edition":[473],"product-category":[],"class_list":["post-64272","products","type-products","status-publish","has-post-thumbnail","hentry","edition-empack-hamburg-2025"],"_links":{"self":[{"href":"https:\/\/www.hamburg.empack-messen.de\/de\/wp-json\/wp\/v2\/products\/64272","targetHints":{"allow":["GET"]}}],"collection":[{"href":"https:\/\/www.hamburg.empack-messen.de\/de\/wp-json\/wp\/v2\/products"}],"about":[{"href":"https:\/\/www.hamburg.empack-messen.de\/de\/wp-json\/wp\/v2\/types\/products"}],"version-history":[{"count":1,"href":"https:\/\/www.hamburg.empack-messen.de\/de\/wp-json\/wp\/v2\/products\/64272\/revisions"}],"predecessor-version":[{"id":80428,"href":"https:\/\/www.hamburg.empack-messen.de\/de\/wp-json\/wp\/v2\/products\/64272\/revisions\/80428"}],"wp:featuredmedia":[{"embeddable":true,"href":"https:\/\/www.hamburg.empack-messen.de\/de\/wp-json\/wp\/v2\/media\/45162"}],"wp:attachment":[{"href":"https:\/\/www.hamburg.empack-messen.de\/de\/wp-json\/wp\/v2\/media?parent=64272"}],"wp:term":[{"taxonomy":"post_tag","embeddable":true,"href":"https:\/\/www.hamburg.empack-messen.de\/de\/wp-json\/wp\/v2\/tags?post=64272"},{"taxonomy":"edition","embeddable":true,"href":"https:\/\/www.hamburg.empack-messen.de\/de\/wp-json\/wp\/v2\/edition?post=64272"},{"taxonomy":"product-category","embeddable":true,"href":"https:\/\/www.hamburg.empack-messen.de\/de\/wp-json\/wp\/v2\/product-category?post=64272"}],"curies":[{"name":"wp","href":"https:\/\/api.w.org\/{rel}","templated":true}]}}

<p>Nachhaltigkeit und das Bewusstsein für Umweltfragen sind für viele Menschen in der aktuellen Zeit wichtiger geworden. Die Menschen wollen bewusster Leben und sich mehr in der Natur aufhalten. Dieser Wertewandel ist auch zunehmend in der Materialauswahl zu spüren.<br />
Aus Graspapier lassen sich alle gängigen Standard- und Spezialverpackungen des FEFCO-Codes fertigen. Besonders interessant sind das Graspapier-Verpackungen als Primär- und Sekundärverpackungen für Lebensmittel und Kosmetik (ISEGA-Zertifikat). Außerdem wählen dieses Material besonders Unternehmen, die bei ihren eigenen Produkten ebenfalls auf Nachhaltigkeit und Umweltschutz setzen oder denen faire Rohstoffe und soziales Engagement eine Herzensangelegenheit sind.</p>

<p>Nachhaltigkeit und das Bewusstsein für Umweltfragen sind für viele Menschen in der aktuellen Zeit wichtiger geworden. Die Menschen wollen bewusster Leben und sich mehr in der Natur aufhalten. Dieser Wertewandel ist auch zunehmend in der Materialauswahl zu spüren. Aus Graspapier lassen sich alle gängigen Standard- und Spezialverpackungen des FEFCO-Codes fertigen. Besonders interessant sind das Graspapier-Verpackungen [&hellip;]</p>
