{"id":64766,"date":"2024-11-28T16:24:35","date_gmt":"2024-11-28T15:24:35","guid":{"rendered":"https:\/\/www.hamburg.empack-messen.de\/products\/super-ms-12-innentor-fuer-den-supermarkt\/"},"modified":"2025-03-26T07:03:22","modified_gmt":"2025-03-26T06:03:22","slug":"super-ms-12-innentor-fuer-den-supermarkt","status":"publish","type":"products","link":"https:\/\/www.hamburg.empack-messen.de\/de\/products\/super-ms-12-innentor-fuer-den-supermarkt\/","title":{"rendered":"Super MS 12 &#8211; Innentor f\u00fcr den Supermarkt"},"content":{"rendered":"<p>Dieses Tor wurde speziell f\u00fcr den Einsatz bei Personenverkehr entwickelt. Sicherheitsfeatures wie Hauptschalter, Not-Aus-Schalter und Verkleidungen von Wellen und Antrieb geh\u00f6ren hier zum Standard. Bei Stromausfall wird das Tor durch verschlei\u00dfarme Gegengewichte automatisch nach oben gezogen. Ein Lichtgitter \u00fcberwacht den Bereich vor der Schlie\u00dfebene und sorgt f\u00fcr besonders kurze Reaktionszeiten. Durch den leichten Behang und das flexible Unterteil ist das Tor auch nach einem Crash schnell wieder betriebsbereit.<\/p>\n","protected":false},"excerpt":{"rendered":"<p>Dieses Tor wurde speziell f\u00fcr den Einsatz bei Personenverkehr entwickelt. Sicherheitsfeatures wie Hauptschalter, Not-Aus-Schalter und Verkleidungen von Wellen und Antrieb geh\u00f6ren hier zum Standard. Bei Stromausfall wird das Tor durch verschlei\u00dfarme Gegengewichte automatisch nach oben gezogen. Ein Lichtgitter \u00fcberwacht den Bereich vor der Schlie\u00dfebene und sorgt f\u00fcr besonders kurze Reaktionszeiten. Durch den leichten Behang und [&hellip;]<\/p>\n","protected":false},"featured_media":30047,"template":"","meta":{"_seopress_robots_primary_cat":"","_seopress_titles_title":"","_seopress_titles_desc":"","_seopress_robots_index":"","_api_id":"102374","_exhibitors":["64742"],"footnotes":""},"tags":[],"edition":[474],"product-category":[],"class_list":["post-64766","products","type-products","status-publish","has-post-thumbnail","hentry","edition-logistics-automation-hamburg-2025"],"_links":{"self":[{"href":"https:\/\/www.hamburg.empack-messen.de\/de\/wp-json\/wp\/v2\/products\/64766","targetHints":{"allow":["GET"]}}],"collection":[{"href":"https:\/\/www.hamburg.empack-messen.de\/de\/wp-json\/wp\/v2\/products"}],"about":[{"href":"https:\/\/www.hamburg.empack-messen.de\/de\/wp-json\/wp\/v2\/types\/products"}],"version-history":[{"count":1,"href":"https:\/\/www.hamburg.empack-messen.de\/de\/wp-json\/wp\/v2\/products\/64766\/revisions"}],"predecessor-version":[{"id":80190,"href":"https:\/\/www.hamburg.empack-messen.de\/de\/wp-json\/wp\/v2\/products\/64766\/revisions\/80190"}],"wp:featuredmedia":[{"embeddable":true,"href":"https:\/\/www.hamburg.empack-messen.de\/de\/wp-json\/wp\/v2\/media\/30047"}],"wp:attachment":[{"href":"https:\/\/www.hamburg.empack-messen.de\/de\/wp-json\/wp\/v2\/media?parent=64766"}],"wp:term":[{"taxonomy":"post_tag","embeddable":true,"href":"https:\/\/www.hamburg.empack-messen.de\/de\/wp-json\/wp\/v2\/tags?post=64766"},{"taxonomy":"edition","embeddable":true,"href":"https:\/\/www.hamburg.empack-messen.de\/de\/wp-json\/wp\/v2\/edition?post=64766"},{"taxonomy":"product-category","embeddable":true,"href":"https:\/\/www.hamburg.empack-messen.de\/de\/wp-json\/wp\/v2\/product-category?post=64766"}],"curies":[{"name":"wp","href":"https:\/\/api.w.org\/{rel}","templated":true}]}}

Super MS 12 &#8211; Innentor für den Supermarkt

<p>Dieses Tor wurde speziell für den Einsatz bei Personenverkehr entwickelt. Sicherheitsfeatures wie Hauptschalter, Not-Aus-Schalter und Verkleidungen von Wellen und Antrieb gehören hier zum Standard. Bei Stromausfall wird das Tor durch verschleißarme Gegengewichte automatisch nach oben gezogen. Ein Lichtgitter überwacht den Bereich vor der Schließebene und sorgt für besonders kurze Reaktionszeiten. Durch den leichten Behang und das flexible Unterteil ist das Tor auch nach einem Crash schnell wieder betriebsbereit.</p>

<p>Dieses Tor wurde speziell für den Einsatz bei Personenverkehr entwickelt. Sicherheitsfeatures wie Hauptschalter, Not-Aus-Schalter und Verkleidungen von Wellen und Antrieb gehören hier zum Standard. Bei Stromausfall wird das Tor durch verschleißarme Gegengewichte automatisch nach oben gezogen. Ein Lichtgitter überwacht den Bereich vor der Schließebene und sorgt für besonders kurze Reaktionszeiten. Durch den leichten Behang und [&hellip;]</p>
