{"id":64768,"date":"2024-11-28T16:24:35","date_gmt":"2024-11-28T15:24:35","guid":{"rendered":"https:\/\/www.hamburg.empack-messen.de\/products\/s-2012-iso-l-innentor-fuer-die-frischhalte-und-kuehllogistik-bis-5c\/"},"modified":"2025-03-26T07:03:23","modified_gmt":"2025-03-26T06:03:23","slug":"s-2012-iso-l-innentor-fuer-die-frischhalte-und-kuehllogistik-bis-5c","status":"publish","type":"products","link":"https:\/\/www.hamburg.empack-messen.de\/de\/products\/s-2012-iso-l-innentor-fuer-die-frischhalte-und-kuehllogistik-bis-5c\/","title":{"rendered":"S 2012 Iso L &#8211; Innentor f\u00fcr die Frischhalte- und K\u00fchllogistik bis 5\u00b0C"},"content":{"rendered":"<p>Die richtige D\u00e4mmung ist f\u00fcr energieeffizientes K\u00fchlen oberstes Gebot. Speziell f\u00fcr diese Anwendung wurde das Tor S 2012 Iso L entwickelt. Seine D\u00e4mmung hat einen niedrigen W\u00e4rmedurchgangs-koeffizienten und ist f\u00fcr K\u00fchlh\u00e4user bis 5 \u00b0C die richtige Wahl. Die Behangtaschen sind mit 20 mm<br \/>\nstarkem PE Schaum gef\u00fcllt und halten die K\u00e4lte dort, wo sie hingeh\u00f6rt. Der W\u00e4rmedurchgangs-koeffizient ist mit 1,6 W (m\u00b2 x K) extrem gering und senkt die Energiekosten.<\/p>\n","protected":false},"excerpt":{"rendered":"<p>Die richtige D\u00e4mmung ist f\u00fcr energieeffizientes K\u00fchlen oberstes Gebot. Speziell f\u00fcr diese Anwendung wurde das Tor S 2012 Iso L entwickelt. Seine D\u00e4mmung hat einen niedrigen W\u00e4rmedurchgangs-koeffizienten und ist f\u00fcr K\u00fchlh\u00e4user bis 5 \u00b0C die richtige Wahl. Die Behangtaschen sind mit 20 mm starkem PE Schaum gef\u00fcllt und halten die K\u00e4lte dort, wo sie hingeh\u00f6rt. [&hellip;]<\/p>\n","protected":false},"featured_media":30051,"template":"","meta":{"_seopress_robots_primary_cat":"","_seopress_titles_title":"","_seopress_titles_desc":"","_seopress_robots_index":"","_api_id":"102375","_exhibitors":["64742"],"footnotes":""},"tags":[],"edition":[474],"product-category":[],"class_list":["post-64768","products","type-products","status-publish","has-post-thumbnail","hentry","edition-logistics-automation-hamburg-2025"],"_links":{"self":[{"href":"https:\/\/www.hamburg.empack-messen.de\/de\/wp-json\/wp\/v2\/products\/64768","targetHints":{"allow":["GET"]}}],"collection":[{"href":"https:\/\/www.hamburg.empack-messen.de\/de\/wp-json\/wp\/v2\/products"}],"about":[{"href":"https:\/\/www.hamburg.empack-messen.de\/de\/wp-json\/wp\/v2\/types\/products"}],"version-history":[{"count":1,"href":"https:\/\/www.hamburg.empack-messen.de\/de\/wp-json\/wp\/v2\/products\/64768\/revisions"}],"predecessor-version":[{"id":80192,"href":"https:\/\/www.hamburg.empack-messen.de\/de\/wp-json\/wp\/v2\/products\/64768\/revisions\/80192"}],"wp:featuredmedia":[{"embeddable":true,"href":"https:\/\/www.hamburg.empack-messen.de\/de\/wp-json\/wp\/v2\/media\/30051"}],"wp:attachment":[{"href":"https:\/\/www.hamburg.empack-messen.de\/de\/wp-json\/wp\/v2\/media?parent=64768"}],"wp:term":[{"taxonomy":"post_tag","embeddable":true,"href":"https:\/\/www.hamburg.empack-messen.de\/de\/wp-json\/wp\/v2\/tags?post=64768"},{"taxonomy":"edition","embeddable":true,"href":"https:\/\/www.hamburg.empack-messen.de\/de\/wp-json\/wp\/v2\/edition?post=64768"},{"taxonomy":"product-category","embeddable":true,"href":"https:\/\/www.hamburg.empack-messen.de\/de\/wp-json\/wp\/v2\/product-category?post=64768"}],"curies":[{"name":"wp","href":"https:\/\/api.w.org\/{rel}","templated":true}]}}

S 2012 Iso L &#8211; Innentor für die Frischhalte- und Kühllogistik bis 5°C

<p>Die richtige Dämmung ist für energieeffizientes Kühlen oberstes Gebot. Speziell für diese Anwendung wurde das Tor S 2012 Iso L entwickelt. Seine Dämmung hat einen niedrigen Wärmedurchgangs-koeffizienten und ist für Kühlhäuser bis 5 °C die richtige Wahl. Die Behangtaschen sind mit 20 mm<br />
starkem PE Schaum gefüllt und halten die Kälte dort, wo sie hingehört. Der Wärmedurchgangs-koeffizient ist mit 1,6 W (m² x K) extrem gering und senkt die Energiekosten.</p>

<p>Die richtige Dämmung ist für energieeffizientes Kühlen oberstes Gebot. Speziell für diese Anwendung wurde das Tor S 2012 Iso L entwickelt. Seine Dämmung hat einen niedrigen Wärmedurchgangs-koeffizienten und ist für Kühlhäuser bis 5 °C die richtige Wahl. Die Behangtaschen sind mit 20 mm starkem PE Schaum gefüllt und halten die Kälte dort, wo sie hingehört. [&hellip;]</p>
