{"id":65312,"date":"2024-11-28T16:29:52","date_gmt":"2024-11-28T15:29:52","guid":{"rendered":"https:\/\/www.hamburg.empack-messen.de\/products\/epa-nf-dar-nf-kc-dar\/"},"modified":"2025-01-27T16:26:00","modified_gmt":"2025-01-27T15:26:00","slug":"epa-nf-dar-nf-kc-dar","status":"publish","type":"products","link":"https:\/\/www.hamburg.empack-messen.de\/de\/products\/epa-nf-dar-nf-kc-dar\/","title":{"rendered":"EPA NF-DAR \/ NF-KC-DAR"},"content":{"rendered":"<p>NF-DAR \/ NF-KC-DAR von EPA \u2013 Ableitstromreduktionsfilter mit und ohne internem EMV-Filter<br \/>\n\u2713  Zur Unterdr\u00fcckung unerw\u00fcnschter Ableitstr\u00f6me \u2265 2 kHz<br \/>\n\u2713  Erh\u00f6ht die Betriebssicherheit an Anlagen mit FI-Schutzschalter<br \/>\n\u2713  EMV-Verbesserung<br \/>\n\u2713  F\u00fcr Nennstr\u00f6me bis zu 800 A<\/p>\n","protected":false},"excerpt":{"rendered":"<p>NF-DAR \/ NF-KC-DAR von EPA \u2013 Ableitstromreduktionsfilter mit und ohne internem EMV-Filter \u2713 Zur Unterdr\u00fcckung unerw\u00fcnschter Ableitstr\u00f6me \u2265 2 kHz \u2713 Erh\u00f6ht die Betriebssicherheit an Anlagen mit FI-Schutzschalter \u2713 EMV-Verbesserung \u2713 F\u00fcr Nennstr\u00f6me bis zu 800 A<\/p>\n","protected":false},"featured_media":67424,"template":"","meta":{"_seopress_robots_primary_cat":"","_seopress_titles_title":"","_seopress_titles_desc":"","_seopress_robots_index":"","_api_id":"190940","_exhibitors":["65294"],"footnotes":""},"tags":[],"edition":[475],"product-category":[],"class_list":["post-65312","products","type-products","status-publish","has-post-thumbnail","hentry","edition-all-about-automation-hamburg-2025"],"_links":{"self":[{"href":"https:\/\/www.hamburg.empack-messen.de\/de\/wp-json\/wp\/v2\/products\/65312","targetHints":{"allow":["GET"]}}],"collection":[{"href":"https:\/\/www.hamburg.empack-messen.de\/de\/wp-json\/wp\/v2\/products"}],"about":[{"href":"https:\/\/www.hamburg.empack-messen.de\/de\/wp-json\/wp\/v2\/types\/products"}],"version-history":[{"count":1,"href":"https:\/\/www.hamburg.empack-messen.de\/de\/wp-json\/wp\/v2\/products\/65312\/revisions"}],"predecessor-version":[{"id":77668,"href":"https:\/\/www.hamburg.empack-messen.de\/de\/wp-json\/wp\/v2\/products\/65312\/revisions\/77668"}],"wp:featuredmedia":[{"embeddable":true,"href":"https:\/\/www.hamburg.empack-messen.de\/de\/wp-json\/wp\/v2\/media\/67424"}],"wp:attachment":[{"href":"https:\/\/www.hamburg.empack-messen.de\/de\/wp-json\/wp\/v2\/media?parent=65312"}],"wp:term":[{"taxonomy":"post_tag","embeddable":true,"href":"https:\/\/www.hamburg.empack-messen.de\/de\/wp-json\/wp\/v2\/tags?post=65312"},{"taxonomy":"edition","embeddable":true,"href":"https:\/\/www.hamburg.empack-messen.de\/de\/wp-json\/wp\/v2\/edition?post=65312"},{"taxonomy":"product-category","embeddable":true,"href":"https:\/\/www.hamburg.empack-messen.de\/de\/wp-json\/wp\/v2\/product-category?post=65312"}],"curies":[{"name":"wp","href":"https:\/\/api.w.org\/{rel}","templated":true}]}}

<p>NF-DAR / NF-KC-DAR von EPA – Ableitstromreduktionsfilter mit und ohne internem EMV-Filter<br />
✓  Zur Unterdrückung unerwünschter Ableitströme ≥ 2 kHz<br />
✓  Erhöht die Betriebssicherheit an Anlagen mit FI-Schutzschalter<br />
✓  EMV-Verbesserung<br />
✓  Für Nennströme bis zu 800 A</p>

<p>NF-DAR / NF-KC-DAR von EPA – Ableitstromreduktionsfilter mit und ohne internem EMV-Filter ✓ Zur Unterdrückung unerwünschter Ableitströme ≥ 2 kHz ✓ Erhöht die Betriebssicherheit an Anlagen mit FI-Schutzschalter ✓ EMV-Verbesserung ✓ Für Nennströme bis zu 800 A</p>
