{"id":65910,"date":"2024-11-28T16:36:58","date_gmt":"2024-11-28T15:36:58","guid":{"rendered":"https:\/\/www.hamburg.empack-messen.de\/products\/led-schwanenhalsleuchte\/"},"modified":"2025-04-15T10:20:02","modified_gmt":"2025-04-15T08:20:02","slug":"led-schwanenhalsleuchte","status":"publish","type":"products","link":"https:\/\/www.hamburg.empack-messen.de\/de\/products\/led-schwanenhalsleuchte\/","title":{"rendered":"LED Schwanenhalsleuchte"},"content":{"rendered":"<p>&#8211;\tKleiner Leuchtenkopf mit \u00d818mm<br \/>\n&#8211;\tSchwanenhalsl\u00e4nge 250mm<br \/>\n&#8211;\tLeuchtenfu\u00df mit M6-Gewinde, z.B. zur Montage an einem Magneten (AY000129)<br \/>\n&#8211;\tM8-Stecker im Leuchtenfu\u00df integriert<\/p>\n","protected":false},"excerpt":{"rendered":"<p>&#8211; Kleiner Leuchtenkopf mit \u00d818mm &#8211; Schwanenhalsl\u00e4nge 250mm &#8211; Leuchtenfu\u00df mit M6-Gewinde, z.B. zur Montage an einem Magneten (AY000129) &#8211; M8-Stecker im Leuchtenfu\u00df integriert<\/p>\n","protected":false},"featured_media":68514,"template":"","meta":{"_seopress_robots_primary_cat":"","_seopress_titles_title":"","_seopress_titles_desc":"","_seopress_robots_index":"","_api_id":"129681","_exhibitors":["65898"],"footnotes":""},"tags":[],"edition":[475],"product-category":[],"class_list":["post-65910","products","type-products","status-publish","has-post-thumbnail","hentry","edition-all-about-automation-hamburg-2025"],"_links":{"self":[{"href":"https:\/\/www.hamburg.empack-messen.de\/de\/wp-json\/wp\/v2\/products\/65910","targetHints":{"allow":["GET"]}}],"collection":[{"href":"https:\/\/www.hamburg.empack-messen.de\/de\/wp-json\/wp\/v2\/products"}],"about":[{"href":"https:\/\/www.hamburg.empack-messen.de\/de\/wp-json\/wp\/v2\/types\/products"}],"version-history":[{"count":1,"href":"https:\/\/www.hamburg.empack-messen.de\/de\/wp-json\/wp\/v2\/products\/65910\/revisions"}],"predecessor-version":[{"id":74630,"href":"https:\/\/www.hamburg.empack-messen.de\/de\/wp-json\/wp\/v2\/products\/65910\/revisions\/74630"}],"wp:featuredmedia":[{"embeddable":true,"href":"https:\/\/www.hamburg.empack-messen.de\/de\/wp-json\/wp\/v2\/media\/68514"}],"wp:attachment":[{"href":"https:\/\/www.hamburg.empack-messen.de\/de\/wp-json\/wp\/v2\/media?parent=65910"}],"wp:term":[{"taxonomy":"post_tag","embeddable":true,"href":"https:\/\/www.hamburg.empack-messen.de\/de\/wp-json\/wp\/v2\/tags?post=65910"},{"taxonomy":"edition","embeddable":true,"href":"https:\/\/www.hamburg.empack-messen.de\/de\/wp-json\/wp\/v2\/edition?post=65910"},{"taxonomy":"product-category","embeddable":true,"href":"https:\/\/www.hamburg.empack-messen.de\/de\/wp-json\/wp\/v2\/product-category?post=65910"}],"curies":[{"name":"wp","href":"https:\/\/api.w.org\/{rel}","templated":true}]}}

<p>&#8211;	Kleiner Leuchtenkopf mit Ø18mm<br />
&#8211;	Schwanenhalslänge 250mm<br />
&#8211;	Leuchtenfuß mit M6-Gewinde, z.B. zur Montage an einem Magneten (AY000129)<br />
&#8211;	M8-Stecker im Leuchtenfuß integriert</p>

<p>&#8211; Kleiner Leuchtenkopf mit Ø18mm &#8211; Schwanenhalslänge 250mm &#8211; Leuchtenfuß mit M6-Gewinde, z.B. zur Montage an einem Magneten (AY000129) &#8211; M8-Stecker im Leuchtenfuß integriert</p>
