{"id":66318,"date":"2024-11-28T16:42:07","date_gmt":"2024-11-28T15:42:07","guid":{"rendered":"https:\/\/www.hamburg.empack-messen.de\/products\/gehause-der-serie-es-mit-beleuchtetem-schutzmantel-und-summer\/"},"modified":"2025-05-28T12:55:22","modified_gmt":"2025-05-28T10:55:22","slug":"gehause-der-serie-es-mit-beleuchtetem-schutzmantel-und-summer","status":"publish","type":"products","link":"https:\/\/www.hamburg.empack-messen.de\/de\/products\/gehause-der-serie-es-mit-beleuchtetem-schutzmantel-und-summer\/","title":{"rendered":"Geh\u00e4use der Serie ES mit beleuchtetem Schutzmantel und Summer"},"content":{"rendered":"<p>Die Palette der ES-Geh\u00e4use wird durch eine neue Ausf\u00fchrung mit beleuchtetem Schutzmantel und integrierter akustischer Signalisierung erweitert.<\/p>\n<p>Dieses neue Geh\u00e4use ist in folgenden drei Versionen mit Deckel erh\u00e4ltlich:<br \/>\n&#8211; gelb, undurchsichtig, ohne Beleuchtung (ohne Elektronik);<br \/>\n&#8211; gelb mit wei\u00dfer LED-Beleuchtung;<br \/>\n&#8211; wei\u00df mit RGB-LED-Beleuchtung.<\/p>\n<p>Besondere Eigenschaften:<br \/>\n&#8211; Der obenliegende Schutzmantel sch\u00fctzt den Taster vor Schmutz und Staub, verhindert ein versehentliches Ausl\u00f6sen und erleichtert das Zur\u00fccksetzen des Not-Halt-Tasters;<br \/>\n&#8211; Beleuchteter Schutzmantel mit individuell einstellbaren RGB-LEDs, um das Geh\u00e4use an der Maschine leichter zu erkennen;<br \/>\n&#8211; Das Geh\u00e4use kann mit verschiedenen Ger\u00e4ten ausgestattet werden, z. B. mit Wahlschaltern mit mehreren Stellungen;<br \/>\n&#8211; Interner Summer zur akustischen Signalisierung;<br \/>\n&#8211; Tonsignal mit einer minimalen Lautst\u00e4rke von 55 dB in 1 Meter Abstand gem\u00e4\u00df den Vorgaben der Aufzugsnormen EN 81-20 und EN 81-50.<\/p>\n<p>Zus\u00e4tzlicher Pluspunkt:<br \/>\nDer Benutzer kann mit Hilfe interner Klemmleisten folgende Funktionalit\u00e4ten des Geh\u00e4uses konfigurieren:<br \/>\n&#8211; Farbgebung der RGB-LEDs;<br \/>\n&#8211; Dauer- oder Blinkmodus des Lichtsignals;<br \/>\n&#8211; Akustisches Signal als Dauerton oder Impulston.<\/p>\n","protected":false},"excerpt":{"rendered":"<p>Die Palette der ES-Geh\u00e4use wird durch eine neue Ausf\u00fchrung mit beleuchtetem Schutzmantel und integrierter akustischer Signalisierung erweitert. Dieses neue Geh\u00e4use ist in folgenden drei Versionen mit Deckel erh\u00e4ltlich: &#8211; gelb, undurchsichtig, ohne Beleuchtung (ohne Elektronik); &#8211; gelb mit wei\u00dfer LED-Beleuchtung; &#8211; wei\u00df mit RGB-LED-Beleuchtung. Besondere Eigenschaften: &#8211; Der obenliegende Schutzmantel sch\u00fctzt den Taster vor Schmutz [&hellip;]<\/p>\n","protected":false},"featured_media":69140,"template":"","meta":{"_seopress_robots_primary_cat":"","_seopress_titles_title":"","_seopress_titles_desc":"","_seopress_robots_index":"","_api_id":"147574","_exhibitors":["66280"],"footnotes":""},"tags":[],"edition":[475],"product-category":[],"class_list":["post-66318","products","type-products","status-publish","has-post-thumbnail","hentry","edition-all-about-automation-hamburg-2025"],"_links":{"self":[{"href":"https:\/\/www.hamburg.empack-messen.de\/de\/wp-json\/wp\/v2\/products\/66318","targetHints":{"allow":["GET"]}}],"collection":[{"href":"https:\/\/www.hamburg.empack-messen.de\/de\/wp-json\/wp\/v2\/products"}],"about":[{"href":"https:\/\/www.hamburg.empack-messen.de\/de\/wp-json\/wp\/v2\/types\/products"}],"version-history":[{"count":1,"href":"https:\/\/www.hamburg.empack-messen.de\/de\/wp-json\/wp\/v2\/products\/66318\/revisions"}],"predecessor-version":[{"id":79570,"href":"https:\/\/www.hamburg.empack-messen.de\/de\/wp-json\/wp\/v2\/products\/66318\/revisions\/79570"}],"wp:featuredmedia":[{"embeddable":true,"href":"https:\/\/www.hamburg.empack-messen.de\/de\/wp-json\/wp\/v2\/media\/69140"}],"wp:attachment":[{"href":"https:\/\/www.hamburg.empack-messen.de\/de\/wp-json\/wp\/v2\/media?parent=66318"}],"wp:term":[{"taxonomy":"post_tag","embeddable":true,"href":"https:\/\/www.hamburg.empack-messen.de\/de\/wp-json\/wp\/v2\/tags?post=66318"},{"taxonomy":"edition","embeddable":true,"href":"https:\/\/www.hamburg.empack-messen.de\/de\/wp-json\/wp\/v2\/edition?post=66318"},{"taxonomy":"product-category","embeddable":true,"href":"https:\/\/www.hamburg.empack-messen.de\/de\/wp-json\/wp\/v2\/product-category?post=66318"}],"curies":[{"name":"wp","href":"https:\/\/api.w.org\/{rel}","templated":true}]}}

Gehäuse der Serie ES mit beleuchtetem Schutzmantel und Summer

<p>Die Palette der ES-Gehäuse wird durch eine neue Ausführung mit beleuchtetem Schutzmantel und integrierter akustischer Signalisierung erweitert.</p>
<p>Dieses neue Gehäuse ist in folgenden drei Versionen mit Deckel erhältlich:<br />
&#8211; gelb, undurchsichtig, ohne Beleuchtung (ohne Elektronik);<br />
&#8211; gelb mit weißer LED-Beleuchtung;<br />
&#8211; weiß mit RGB-LED-Beleuchtung.</p>
<p>Besondere Eigenschaften:<br />
&#8211; Der obenliegende Schutzmantel schützt den Taster vor Schmutz und Staub, verhindert ein versehentliches Auslösen und erleichtert das Zurücksetzen des Not-Halt-Tasters;<br />
&#8211; Beleuchteter Schutzmantel mit individuell einstellbaren RGB-LEDs, um das Gehäuse an der Maschine leichter zu erkennen;<br />
&#8211; Das Gehäuse kann mit verschiedenen Geräten ausgestattet werden, z. B. mit Wahlschaltern mit mehreren Stellungen;<br />
&#8211; Interner Summer zur akustischen Signalisierung;<br />
&#8211; Tonsignal mit einer minimalen Lautstärke von 55 dB in 1 Meter Abstand gemäß den Vorgaben der Aufzugsnormen EN 81-20 und EN 81-50.</p>
<p>Zusätzlicher Pluspunkt:<br />
Der Benutzer kann mit Hilfe interner Klemmleisten folgende Funktionalitäten des Gehäuses konfigurieren:<br />
&#8211; Farbgebung der RGB-LEDs;<br />
&#8211; Dauer- oder Blinkmodus des Lichtsignals;<br />
&#8211; Akustisches Signal als Dauerton oder Impulston.</p>

<p>Die Palette der ES-Gehäuse wird durch eine neue Ausführung mit beleuchtetem Schutzmantel und integrierter akustischer Signalisierung erweitert. Dieses neue Gehäuse ist in folgenden drei Versionen mit Deckel erhältlich: &#8211; gelb, undurchsichtig, ohne Beleuchtung (ohne Elektronik); &#8211; gelb mit weißer LED-Beleuchtung; &#8211; weiß mit RGB-LED-Beleuchtung. Besondere Eigenschaften: &#8211; Der obenliegende Schutzmantel schützt den Taster vor Schmutz [&hellip;]</p>
