{"id":75463,"date":"2025-01-07T11:47:33","date_gmt":"2025-01-07T10:47:33","guid":{"rendered":"https:\/\/www.hamburg.empack-messen.de\/products\/sauglanze-flexlance\/"},"modified":"2026-03-27T09:23:08","modified_gmt":"2026-03-27T08:23:08","slug":"sauglanze-flexlance","status":"publish","type":"products","link":"https:\/\/www.hamburg.empack-messen.de\/de\/products\/sauglanze-flexlance\/","title":{"rendered":"Sauglanze FlexLance"},"content":{"rendered":"<p>Sauglanze FlexLance<br \/>\nDas Rohr-in-Rohr-System der Sauglanze FlexLance von Jacob garantiert einen hohen Grad an<br \/>\nNachhaltigkeit, da Platz gespart und trotzdem eine hohe Effizienz erzeugt wird. Durch den niedrigen Ansaugpunkt und die integrierte Saugleitung ergibt sich eine Optimierung beim Verbrauch<br \/>\nder Medien. Die FlexLance kann individuell in der L\u00e4nge \u00fcber eine Verschraubung leicht verstellt<br \/>\nund somit f\u00fcr verschiedene Gebinde verwendet werden. Optional kann durch einen aufgesetzten Stopfen f\u00fcr die Schnellmontage die Sauglanze f\u00fcr verschiedene \u00d6ffnungsdurchmesser im<br \/>\nKanister, auch ohne Deckel, verwendet werden.<\/p>\n","protected":false},"excerpt":{"rendered":"<p>Sauglanze FlexLance Das Rohr-in-Rohr-System der Sauglanze FlexLance von Jacob garantiert einen hohen Grad an Nachhaltigkeit, da Platz gespart und trotzdem eine hohe Effizienz erzeugt wird. Durch den niedrigen Ansaugpunkt und die integrierte Saugleitung ergibt sich eine Optimierung beim Verbrauch der Medien. Die FlexLance kann individuell in der L\u00e4nge \u00fcber eine Verschraubung leicht verstellt und somit [&hellip;]<\/p>\n","protected":false},"featured_media":75511,"template":"","meta":{"_seopress_robots_primary_cat":"","_seopress_titles_title":"","_seopress_titles_desc":"","_seopress_robots_index":"","_api_id":"228728","_exhibitors":["65956"],"footnotes":""},"tags":[],"edition":[475],"product-category":[],"class_list":["post-75463","products","type-products","status-publish","has-post-thumbnail","hentry","edition-all-about-automation-hamburg-2025"],"_links":{"self":[{"href":"https:\/\/www.hamburg.empack-messen.de\/de\/wp-json\/wp\/v2\/products\/75463","targetHints":{"allow":["GET"]}}],"collection":[{"href":"https:\/\/www.hamburg.empack-messen.de\/de\/wp-json\/wp\/v2\/products"}],"about":[{"href":"https:\/\/www.hamburg.empack-messen.de\/de\/wp-json\/wp\/v2\/types\/products"}],"version-history":[{"count":2,"href":"https:\/\/www.hamburg.empack-messen.de\/de\/wp-json\/wp\/v2\/products\/75463\/revisions"}],"predecessor-version":[{"id":96690,"href":"https:\/\/www.hamburg.empack-messen.de\/de\/wp-json\/wp\/v2\/products\/75463\/revisions\/96690"}],"wp:featuredmedia":[{"embeddable":true,"href":"https:\/\/www.hamburg.empack-messen.de\/de\/wp-json\/wp\/v2\/media\/75511"}],"wp:attachment":[{"href":"https:\/\/www.hamburg.empack-messen.de\/de\/wp-json\/wp\/v2\/media?parent=75463"}],"wp:term":[{"taxonomy":"post_tag","embeddable":true,"href":"https:\/\/www.hamburg.empack-messen.de\/de\/wp-json\/wp\/v2\/tags?post=75463"},{"taxonomy":"edition","embeddable":true,"href":"https:\/\/www.hamburg.empack-messen.de\/de\/wp-json\/wp\/v2\/edition?post=75463"},{"taxonomy":"product-category","embeddable":true,"href":"https:\/\/www.hamburg.empack-messen.de\/de\/wp-json\/wp\/v2\/product-category?post=75463"}],"curies":[{"name":"wp","href":"https:\/\/api.w.org\/{rel}","templated":true}]}}

<p>Sauglanze FlexLance<br />
Das Rohr-in-Rohr-System der Sauglanze FlexLance von Jacob garantiert einen hohen Grad an<br />
Nachhaltigkeit, da Platz gespart und trotzdem eine hohe Effizienz erzeugt wird. Durch den niedrigen Ansaugpunkt und die integrierte Saugleitung ergibt sich eine Optimierung beim Verbrauch<br />
der Medien. Die FlexLance kann individuell in der Länge über eine Verschraubung leicht verstellt<br />
und somit für verschiedene Gebinde verwendet werden. Optional kann durch einen aufgesetzten Stopfen für die Schnellmontage die Sauglanze für verschiedene Öffnungsdurchmesser im<br />
Kanister, auch ohne Deckel, verwendet werden.</p>

<p>Sauglanze FlexLance Das Rohr-in-Rohr-System der Sauglanze FlexLance von Jacob garantiert einen hohen Grad an Nachhaltigkeit, da Platz gespart und trotzdem eine hohe Effizienz erzeugt wird. Durch den niedrigen Ansaugpunkt und die integrierte Saugleitung ergibt sich eine Optimierung beim Verbrauch der Medien. Die FlexLance kann individuell in der Länge über eine Verschraubung leicht verstellt und somit [&hellip;]</p>
