{"id":81544,"date":"2025-01-31T08:53:00","date_gmt":"2025-01-31T07:53:00","guid":{"rendered":"https:\/\/www.hamburg.empack-messen.de\/products\/i-series-motec-i650-die-neue-dezentrale-frequenzumrichter-generation\/"},"modified":"2025-05-09T14:53:20","modified_gmt":"2025-05-09T12:53:20","slug":"i-series-motec-i650-die-neue-dezentrale-frequenzumrichter-generation","status":"publish","type":"products","link":"https:\/\/www.hamburg.empack-messen.de\/de\/products\/i-series-motec-i650-die-neue-dezentrale-frequenzumrichter-generation\/","title":{"rendered":"i-series motec i650: Die neue, dezentrale Frequenzumrichter-Generation"},"content":{"rendered":"<p>i-series motec<\/p>\n<p>Die neue, dezentrale Frequenzumrichter-Generation<\/p>\n<p>Next Level: i650 erweitert den L\u00f6sungsraum\u200b<br \/>\ni650 motec bietet im Vergleich zum i550 motec weitere Funktionen.<\/p>\n<p>Mit der Logic PLC l\u00f6st der dezentrale Frequenzumrichter Stand-alone Applikationen von Einzel- oder Mehrfachantrieben. \u200bDurch diese integrierte Intelligenz werden L\u00f6sungen unabh\u00e4ngig von einer \u00fcbergeordneten Steuerung m\u00f6glich. Dies spart Hardware- und Integrationskosten ein und das Maschinendesign bleibt insgesamt \u00fcbersichtlicher. \u200b<\/p>\n<p>Die integrierte Positionierfunktion des i650 eignet sich hervorragend f\u00fcr Drehtische, Eckumsetzer und Scherenhubtische.\u200b Hinsichtlich Sicherheitstechnik steht jetzt zus\u00e4tzlich zu STO auch STO via CIP Safety zur Verf\u00fcgung.<\/p>\n","protected":false},"excerpt":{"rendered":"<p>i-series motec Die neue, dezentrale Frequenzumrichter-Generation Next Level: i650 erweitert den L\u00f6sungsraum\u200b i650 motec bietet im Vergleich zum i550 motec weitere Funktionen. Mit der Logic PLC l\u00f6st der dezentrale Frequenzumrichter Stand-alone Applikationen von Einzel- oder Mehrfachantrieben. \u200bDurch diese integrierte Intelligenz werden L\u00f6sungen unabh\u00e4ngig von einer \u00fcbergeordneten Steuerung m\u00f6glich. Dies spart Hardware- und Integrationskosten ein und [&hellip;]<\/p>\n","protected":false},"featured_media":81628,"template":"","meta":{"_seopress_robots_primary_cat":"","_seopress_titles_title":"","_seopress_titles_desc":"","_seopress_robots_index":"","_api_id":"252699","_exhibitors":["66018"],"footnotes":""},"tags":[],"edition":[475],"product-category":[461],"class_list":["post-81544","products","type-products","status-publish","has-post-thumbnail","hentry","edition-all-about-automation-hamburg-2025","product-category-innovationsgalerie"],"_links":{"self":[{"href":"https:\/\/www.hamburg.empack-messen.de\/de\/wp-json\/wp\/v2\/products\/81544","targetHints":{"allow":["GET"]}}],"collection":[{"href":"https:\/\/www.hamburg.empack-messen.de\/de\/wp-json\/wp\/v2\/products"}],"about":[{"href":"https:\/\/www.hamburg.empack-messen.de\/de\/wp-json\/wp\/v2\/types\/products"}],"version-history":[{"count":1,"href":"https:\/\/www.hamburg.empack-messen.de\/de\/wp-json\/wp\/v2\/products\/81544\/revisions"}],"predecessor-version":[{"id":81582,"href":"https:\/\/www.hamburg.empack-messen.de\/de\/wp-json\/wp\/v2\/products\/81544\/revisions\/81582"}],"wp:featuredmedia":[{"embeddable":true,"href":"https:\/\/www.hamburg.empack-messen.de\/de\/wp-json\/wp\/v2\/media\/81628"}],"wp:attachment":[{"href":"https:\/\/www.hamburg.empack-messen.de\/de\/wp-json\/wp\/v2\/media?parent=81544"}],"wp:term":[{"taxonomy":"post_tag","embeddable":true,"href":"https:\/\/www.hamburg.empack-messen.de\/de\/wp-json\/wp\/v2\/tags?post=81544"},{"taxonomy":"edition","embeddable":true,"href":"https:\/\/www.hamburg.empack-messen.de\/de\/wp-json\/wp\/v2\/edition?post=81544"},{"taxonomy":"product-category","embeddable":true,"href":"https:\/\/www.hamburg.empack-messen.de\/de\/wp-json\/wp\/v2\/product-category?post=81544"}],"curies":[{"name":"wp","href":"https:\/\/api.w.org\/{rel}","templated":true}]}}

<p>i-series motec</p>
<p>Die neue, dezentrale Frequenzumrichter-Generation</p>
<p>Next Level: i650 erweitert den Lösungsraum​<br />
i650 motec bietet im Vergleich zum i550 motec weitere Funktionen.</p>
<p>Mit der Logic PLC löst der dezentrale Frequenzumrichter Stand-alone Applikationen von Einzel- oder Mehrfachantrieben. ​Durch diese integrierte Intelligenz werden Lösungen unabhängig von einer übergeordneten Steuerung möglich. Dies spart Hardware- und Integrationskosten ein und das Maschinendesign bleibt insgesamt übersichtlicher. ​</p>
<p>Die integrierte Positionierfunktion des i650 eignet sich hervorragend für Drehtische, Eckumsetzer und Scherenhubtische.​ Hinsichtlich Sicherheitstechnik steht jetzt zusätzlich zu STO auch STO via CIP Safety zur Verfügung.</p>

<p>i-series motec Die neue, dezentrale Frequenzumrichter-Generation Next Level: i650 erweitert den Lösungsraum​ i650 motec bietet im Vergleich zum i550 motec weitere Funktionen. Mit der Logic PLC löst der dezentrale Frequenzumrichter Stand-alone Applikationen von Einzel- oder Mehrfachantrieben. ​Durch diese integrierte Intelligenz werden Lösungen unabhängig von einer übergeordneten Steuerung möglich. Dies spart Hardware- und Integrationskosten ein und [&hellip;]</p>
