{"id":88608,"date":"2025-03-14T11:35:42","date_gmt":"2025-03-14T10:35:42","guid":{"rendered":"https:\/\/www.hamburg.empack-messen.de\/products\/kubische-optoelektronische-sensoren-der-serie-r202\/"},"modified":"2026-01-26T09:09:24","modified_gmt":"2026-01-26T08:09:24","slug":"zuverlaessige-objektdetektion-mit-der-flaechenlichtschranke-r305-mit-io-link","status":"publish","type":"products","link":"https:\/\/www.hamburg.empack-messen.de\/de\/products\/zuverlaessige-objektdetektion-mit-der-flaechenlichtschranke-r305-mit-io-link\/","title":{"rendered":"Zuverl\u00e4ssige Objektdetektion mit der Fl\u00e4chenlichtschranke R305 mit IO-Link"},"content":{"rendered":"<p>Die Fl\u00e4chenlichtschranke R305 von Pepperl+Fuchs erkennt selbst kleinste und unregelm\u00e4\u00dfig geformte Objekte ab 2 mm zuverl\u00e4ssig. Dank individueller Anpassungsm\u00f6glichkeiten, einer Lichtbandbreite von 60 mm und einer Reichweite von bis zu 4 Metern, erm\u00f6glicht sie maximale Flexibilit\u00e4t f\u00fcr unterschiedlichste Anwendungsgegebenheiten. Entdecken Sie die neue Fl\u00e4chenlichtschranke, die zudem \u00fcber eine integrierte H\u00f6henmessung und eine IO-Link-Schnittstelle verf\u00fcgt und damit signifikante Vorteile im Vergleich zu klassischen Reflexionslichtschranken bietet.<\/p>\n","protected":false},"excerpt":{"rendered":"<p>Die Fl\u00e4chenlichtschranke R305 von Pepperl+Fuchs erkennt selbst kleinste und unregelm\u00e4\u00dfig geformte Objekte ab 2 mm zuverl\u00e4ssig. Dank individueller Anpassungsm\u00f6glichkeiten, einer Lichtbandbreite von 60 mm und einer Reichweite von bis zu 4 Metern, erm\u00f6glicht sie maximale Flexibilit\u00e4t f\u00fcr unterschiedlichste Anwendungsgegebenheiten. Entdecken Sie die neue Fl\u00e4chenlichtschranke, die zudem \u00fcber eine integrierte H\u00f6henmessung und eine IO-Link-Schnittstelle verf\u00fcgt und [&hellip;]<\/p>\n","protected":false},"featured_media":102093,"template":"","meta":{"_seopress_robots_primary_cat":"","_seopress_titles_title":"","_seopress_titles_desc":"","_seopress_robots_index":"","_api_id":"252880","_exhibitors":["66254"],"footnotes":""},"tags":[],"edition":[475],"product-category":[],"class_list":["post-88608","products","type-products","status-publish","has-post-thumbnail","hentry","edition-all-about-automation-hamburg-2025"],"_links":{"self":[{"href":"https:\/\/www.hamburg.empack-messen.de\/de\/wp-json\/wp\/v2\/products\/88608","targetHints":{"allow":["GET"]}}],"collection":[{"href":"https:\/\/www.hamburg.empack-messen.de\/de\/wp-json\/wp\/v2\/products"}],"about":[{"href":"https:\/\/www.hamburg.empack-messen.de\/de\/wp-json\/wp\/v2\/types\/products"}],"version-history":[{"count":3,"href":"https:\/\/www.hamburg.empack-messen.de\/de\/wp-json\/wp\/v2\/products\/88608\/revisions"}],"predecessor-version":[{"id":102091,"href":"https:\/\/www.hamburg.empack-messen.de\/de\/wp-json\/wp\/v2\/products\/88608\/revisions\/102091"}],"wp:featuredmedia":[{"embeddable":true,"href":"https:\/\/www.hamburg.empack-messen.de\/de\/wp-json\/wp\/v2\/media\/102093"}],"wp:attachment":[{"href":"https:\/\/www.hamburg.empack-messen.de\/de\/wp-json\/wp\/v2\/media?parent=88608"}],"wp:term":[{"taxonomy":"post_tag","embeddable":true,"href":"https:\/\/www.hamburg.empack-messen.de\/de\/wp-json\/wp\/v2\/tags?post=88608"},{"taxonomy":"edition","embeddable":true,"href":"https:\/\/www.hamburg.empack-messen.de\/de\/wp-json\/wp\/v2\/edition?post=88608"},{"taxonomy":"product-category","embeddable":true,"href":"https:\/\/www.hamburg.empack-messen.de\/de\/wp-json\/wp\/v2\/product-category?post=88608"}],"curies":[{"name":"wp","href":"https:\/\/api.w.org\/{rel}","templated":true}]}}

Zuverlässige Objektdetektion mit der Flächenlichtschranke R305 mit IO-Link

<p>Die Flächenlichtschranke R305 von Pepperl+Fuchs erkennt selbst kleinste und unregelmäßig geformte Objekte ab 2 mm zuverlässig. Dank individueller Anpassungsmöglichkeiten, einer Lichtbandbreite von 60 mm und einer Reichweite von bis zu 4 Metern, ermöglicht sie maximale Flexibilität für unterschiedlichste Anwendungsgegebenheiten. Entdecken Sie die neue Flächenlichtschranke, die zudem über eine integrierte Höhenmessung und eine IO-Link-Schnittstelle verfügt und damit signifikante Vorteile im Vergleich zu klassischen Reflexionslichtschranken bietet.</p>

<p>Die Flächenlichtschranke R305 von Pepperl+Fuchs erkennt selbst kleinste und unregelmäßig geformte Objekte ab 2 mm zuverlässig. Dank individueller Anpassungsmöglichkeiten, einer Lichtbandbreite von 60 mm und einer Reichweite von bis zu 4 Metern, ermöglicht sie maximale Flexibilität für unterschiedlichste Anwendungsgegebenheiten. Entdecken Sie die neue Flächenlichtschranke, die zudem über eine integrierte Höhenmessung und eine IO-Link-Schnittstelle verfügt und [&hellip;]</p>
