{"id":89121,"date":"2025-03-20T13:28:29","date_gmt":"2025-03-20T12:28:29","guid":{"rendered":"https:\/\/www.hamburg.empack-messen.de\/products\/herma-eco\/"},"modified":"2025-03-20T13:42:25","modified_gmt":"2025-03-20T12:42:25","slug":"herma-eco","status":"publish","type":"products","link":"https:\/\/www.hamburg.empack-messen.de\/de\/products\/herma-eco\/","title":{"rendered":"HERMA eco"},"content":{"rendered":"<p>HERMA eco &#8211; Perfekter Etikettierer f\u00fcr alle Standards<br \/>\n Mehr Leistung zum kleinsten Preis:<br \/>\n&#8211; Ideal als wirtschaftliches Einstiegsger\u00e4t &#8211; genau wie das Vorg\u00e4ngermodell HERMA basic<br \/>\n&#8211; Langlebig, pr\u00e4zise und investitionssicher<br \/>\n&#8211; F\u00fcr leistungsstarkes Etikettieren mit bis zu 30 m\/min bei bis zu 160mm Etikettenbandbreite<br \/>\n&#8211; Individuell online konfigurierbar, mit allen Funktionen und einer breiten Palette an Zubeh\u00f6r<br \/>\n&#8211; Einfach bedienbar, direkt am Ger\u00e4t oder \u00fcber eine SPS ansteuerbar<br \/>\n&#8211; Au\u00dfergew\u00f6hnlicher Funktionsumfang mit Masterencoder zur Synchronisierung von Produkt- und Etikettiergeschwindigkeit sowie Firmware-Update-M\u00f6glichkeit<br \/>\n&#8211; Bei Bedarf einfaches Upgrade auf HERMA 500 dank identischer Steckertypen<\/p>\n","protected":false},"excerpt":{"rendered":"<p>HERMA eco &#8211; Perfekter Etikettierer f\u00fcr alle Standards Mehr Leistung zum kleinsten Preis: &#8211; Ideal als wirtschaftliches Einstiegsger\u00e4t &#8211; genau wie das Vorg\u00e4ngermodell HERMA basic &#8211; Langlebig, pr\u00e4zise und investitionssicher &#8211; F\u00fcr leistungsstarkes Etikettieren mit bis zu 30 m\/min bei bis zu 160mm Etikettenbandbreite &#8211; Individuell online konfigurierbar, mit allen Funktionen und einer breiten Palette [&hellip;]<\/p>\n","protected":false},"featured_media":89123,"template":"","meta":{"_seopress_robots_primary_cat":"","_seopress_titles_title":"","_seopress_titles_desc":"","_seopress_robots_index":"","_api_id":"267696","_exhibitors":["64304"],"footnotes":""},"tags":[],"edition":[473],"product-category":[],"class_list":["post-89121","products","type-products","status-publish","has-post-thumbnail","hentry","edition-empack-hamburg-2025"],"_links":{"self":[{"href":"https:\/\/www.hamburg.empack-messen.de\/de\/wp-json\/wp\/v2\/products\/89121","targetHints":{"allow":["GET"]}}],"collection":[{"href":"https:\/\/www.hamburg.empack-messen.de\/de\/wp-json\/wp\/v2\/products"}],"about":[{"href":"https:\/\/www.hamburg.empack-messen.de\/de\/wp-json\/wp\/v2\/types\/products"}],"version-history":[{"count":2,"href":"https:\/\/www.hamburg.empack-messen.de\/de\/wp-json\/wp\/v2\/products\/89121\/revisions"}],"predecessor-version":[{"id":89128,"href":"https:\/\/www.hamburg.empack-messen.de\/de\/wp-json\/wp\/v2\/products\/89121\/revisions\/89128"}],"wp:featuredmedia":[{"embeddable":true,"href":"https:\/\/www.hamburg.empack-messen.de\/de\/wp-json\/wp\/v2\/media\/89123"}],"wp:attachment":[{"href":"https:\/\/www.hamburg.empack-messen.de\/de\/wp-json\/wp\/v2\/media?parent=89121"}],"wp:term":[{"taxonomy":"post_tag","embeddable":true,"href":"https:\/\/www.hamburg.empack-messen.de\/de\/wp-json\/wp\/v2\/tags?post=89121"},{"taxonomy":"edition","embeddable":true,"href":"https:\/\/www.hamburg.empack-messen.de\/de\/wp-json\/wp\/v2\/edition?post=89121"},{"taxonomy":"product-category","embeddable":true,"href":"https:\/\/www.hamburg.empack-messen.de\/de\/wp-json\/wp\/v2\/product-category?post=89121"}],"curies":[{"name":"wp","href":"https:\/\/api.w.org\/{rel}","templated":true}]}}

<p>HERMA eco &#8211; Perfekter Etikettierer für alle Standards<br />
 Mehr Leistung zum kleinsten Preis:<br />
&#8211; Ideal als wirtschaftliches Einstiegsgerät &#8211; genau wie das Vorgängermodell HERMA basic<br />
&#8211; Langlebig, präzise und investitionssicher<br />
&#8211; Für leistungsstarkes Etikettieren mit bis zu 30 m/min bei bis zu 160mm Etikettenbandbreite<br />
&#8211; Individuell online konfigurierbar, mit allen Funktionen und einer breiten Palette an Zubehör<br />
&#8211; Einfach bedienbar, direkt am Gerät oder über eine SPS ansteuerbar<br />
&#8211; Außergewöhnlicher Funktionsumfang mit Masterencoder zur Synchronisierung von Produkt- und Etikettiergeschwindigkeit sowie Firmware-Update-Möglichkeit<br />
&#8211; Bei Bedarf einfaches Upgrade auf HERMA 500 dank identischer Steckertypen</p>

<p>HERMA eco &#8211; Perfekter Etikettierer für alle Standards Mehr Leistung zum kleinsten Preis: &#8211; Ideal als wirtschaftliches Einstiegsgerät &#8211; genau wie das Vorgängermodell HERMA basic &#8211; Langlebig, präzise und investitionssicher &#8211; Für leistungsstarkes Etikettieren mit bis zu 30 m/min bei bis zu 160mm Etikettenbandbreite &#8211; Individuell online konfigurierbar, mit allen Funktionen und einer breiten Palette [&hellip;]</p>
