{"id":91398,"date":"2025-03-31T14:00:31","date_gmt":"2025-03-31T12:00:31","guid":{"rendered":"https:\/\/www.hamburg.empack-messen.de\/products\/regalsysteme\/"},"modified":"2025-04-02T12:15:52","modified_gmt":"2025-04-02T10:15:52","slug":"regalsysteme","status":"publish","type":"products","link":"https:\/\/www.hamburg.empack-messen.de\/de\/products\/regalsysteme\/","title":{"rendered":"Regalsysteme"},"content":{"rendered":"<p>Unsere modularen Regalsysteme erm\u00f6glichen durch die flexible Bauweise eine schnelle Anpassung an ver\u00e4nderte Lagerbedingungen und Material-anforderungen, verbessern Produktivit\u00e4t und optimieren Arbeitsabl\u00e4ufe.<\/p>\n","protected":false},"excerpt":{"rendered":"<p>Unsere modularen Regalsysteme erm\u00f6glichen durch die flexible Bauweise eine schnelle Anpassung an ver\u00e4nderte Lagerbedingungen und Material-anforderungen, verbessern Produktivit\u00e4t und optimieren Arbeitsabl\u00e4ufe.<\/p>\n","protected":false},"featured_media":91400,"template":"","meta":{"_seopress_robots_primary_cat":"","_seopress_titles_title":"","_seopress_titles_desc":"","_seopress_robots_index":"","_api_id":"268549","_exhibitors":["64694"],"footnotes":""},"tags":[],"edition":[474],"product-category":[],"class_list":["post-91398","products","type-products","status-publish","has-post-thumbnail","hentry","edition-logistics-automation-hamburg-2025"],"_links":{"self":[{"href":"https:\/\/www.hamburg.empack-messen.de\/de\/wp-json\/wp\/v2\/products\/91398","targetHints":{"allow":["GET"]}}],"collection":[{"href":"https:\/\/www.hamburg.empack-messen.de\/de\/wp-json\/wp\/v2\/products"}],"about":[{"href":"https:\/\/www.hamburg.empack-messen.de\/de\/wp-json\/wp\/v2\/types\/products"}],"version-history":[{"count":2,"href":"https:\/\/www.hamburg.empack-messen.de\/de\/wp-json\/wp\/v2\/products\/91398\/revisions"}],"predecessor-version":[{"id":91478,"href":"https:\/\/www.hamburg.empack-messen.de\/de\/wp-json\/wp\/v2\/products\/91398\/revisions\/91478"}],"wp:featuredmedia":[{"embeddable":true,"href":"https:\/\/www.hamburg.empack-messen.de\/de\/wp-json\/wp\/v2\/media\/91400"}],"wp:attachment":[{"href":"https:\/\/www.hamburg.empack-messen.de\/de\/wp-json\/wp\/v2\/media?parent=91398"}],"wp:term":[{"taxonomy":"post_tag","embeddable":true,"href":"https:\/\/www.hamburg.empack-messen.de\/de\/wp-json\/wp\/v2\/tags?post=91398"},{"taxonomy":"edition","embeddable":true,"href":"https:\/\/www.hamburg.empack-messen.de\/de\/wp-json\/wp\/v2\/edition?post=91398"},{"taxonomy":"product-category","embeddable":true,"href":"https:\/\/www.hamburg.empack-messen.de\/de\/wp-json\/wp\/v2\/product-category?post=91398"}],"curies":[{"name":"wp","href":"https:\/\/api.w.org\/{rel}","templated":true}]}}

<p>Unsere modularen Regalsysteme ermöglichen durch die flexible Bauweise eine schnelle Anpassung an veränderte Lagerbedingungen und Material-anforderungen, verbessern Produktivität und optimieren Arbeitsabläufe.</p>
